CRAN Package Check Results for Package simplePHENOTYPES

Last updated on 2025-07-19 21:49:49 CEST.

Flavor Version Tinstall Tcheck Ttotal Status Flags
r-devel-linux-x86_64-debian-clang 1.3.0 11.33 56.48 67.81 NOTE
r-devel-linux-x86_64-debian-gcc 1.3.0 7.12 39.37 46.49 NOTE
r-devel-linux-x86_64-fedora-clang 1.3.0 104.70 OK
r-devel-linux-x86_64-fedora-gcc 1.3.0 124.68 OK
r-devel-windows-x86_64 1.3.0 11.00 68.00 79.00 OK
r-patched-linux-x86_64 1.3.0 11.30 51.05 62.35 OK
r-release-linux-x86_64 1.3.0 10.88 51.91 62.79 OK
r-release-macos-arm64 1.3.0 35.00 OK
r-release-macos-x86_64 1.3.0 66.00 OK
r-release-windows-x86_64 1.3.0 11.00 67.00 78.00 OK
r-oldrel-macos-arm64 1.3.0 33.00 OK
r-oldrel-macos-x86_64 1.3.0 54.00 OK
r-oldrel-windows-x86_64 1.3.0 12.00 83.00 95.00 OK

Check Details

Version: 1.3.0
Check: CRAN incoming feasibility
Result: NOTE Maintainer: ‘Samuel Fernandes <samuelf@illinois.edu>’ Package CITATION file contains call(s) to old-style citEntry(). Please use bibentry() instead. Flavors: r-devel-linux-x86_64-debian-clang, r-devel-linux-x86_64-debian-gcc

These binaries (installable software) and packages are in development.
They may not be fully stable and should be used with caution. We make no claims about them.