CRAN Package Check Results for Package simpleRCache

Last updated on 2025-05-08 04:52:19 CEST.

Flavor Version Tinstall Tcheck Ttotal Status Flags
r-devel-linux-x86_64-debian-clang 0.3.3 1.72 25.65 27.37 NOTE
r-devel-linux-x86_64-debian-gcc 0.3.3 1.40 19.80 21.20 NOTE
r-devel-linux-x86_64-fedora-clang 0.3.3 43.63 OK
r-devel-linux-x86_64-fedora-gcc 0.3.3 54.59 OK
r-devel-windows-x86_64 0.3.3 3.00 51.00 54.00 OK
r-patched-linux-x86_64 0.3.3 1.74 23.90 25.64 OK
r-release-linux-x86_64 0.3.3 1.61 24.51 26.12 OK
r-release-macos-arm64 0.3.3 30.00 OK
r-release-macos-x86_64 0.3.3 43.00 OK
r-release-windows-x86_64 0.3.3 2.00 54.00 56.00 OK
r-oldrel-macos-arm64 0.3.3 24.00 OK
r-oldrel-macos-x86_64 0.3.3 34.00 OK
r-oldrel-windows-x86_64 0.3.3 2.00 58.00 60.00 OK

Check Details

Version: 0.3.3
Check: CRAN incoming feasibility
Result: NOTE Maintainer: ‘Augustin Luna <lunaa@cbio.mskcc.org>’ No Authors@R field in DESCRIPTION. Please add one, modifying Authors@R: c(person(given = "Augustin", family = "Luna", role = c("aut", "cre"), email = "lunaa@cbio.mskcc.org"), person(given = "Vinodh", family = "Rajapakse", role = "aut")) as necessary. Flavors: r-devel-linux-x86_64-debian-clang, r-devel-linux-x86_64-debian-gcc

These binaries (installable software) and packages are in development.
They may not be fully stable and should be used with caution. We make no claims about them.