Last updated on 2025-05-07 15:49:30 CEST.
Flavor | Version | Tinstall | Tcheck | Ttotal | Status | Flags |
---|---|---|---|---|---|---|
r-devel-linux-x86_64-debian-clang | 0.1.0 | 1.52 | 16.98 | 18.50 | OK | |
r-devel-linux-x86_64-debian-gcc | 0.1.0 | 1.38 | 14.22 | 15.60 | OK | |
r-devel-linux-x86_64-fedora-clang | 0.1.0 | 26.70 | OK | |||
r-devel-linux-x86_64-fedora-gcc | 0.1.0 | 38.69 | OK | |||
r-devel-windows-x86_64 | 0.1.0 | 2.00 | 33.00 | 35.00 | OK | |
r-patched-linux-x86_64 | 0.1.0 | 1.51 | 15.31 | 16.82 | OK | |
r-release-linux-x86_64 | 0.1.0 | 1.54 | 15.21 | 16.75 | OK | |
r-release-macos-arm64 | 0.1.0 | 19.00 | OK | |||
r-release-macos-x86_64 | 0.1.0 | 33.00 | OK | |||
r-release-windows-x86_64 | 0.1.0 | 2.00 | 37.00 | 39.00 | OK | |
r-oldrel-macos-arm64 | 0.1.0 | 17.00 | NOTE | |||
r-oldrel-macos-x86_64 | 0.1.0 | 25.00 | NOTE | |||
r-oldrel-windows-x86_64 | 0.1.0 | 2.00 | 33.00 | 35.00 | NOTE |
Version: 0.1.0
Check: LazyData
Result: NOTE
'LazyData' is specified without a 'data' directory
Flavors: r-oldrel-macos-arm64, r-oldrel-macos-x86_64, r-oldrel-windows-x86_64
These binaries (installable software) and packages are in development.
They may not be fully stable and should be used with caution. We make no claims about them.