CRAN Package Check Results for Package simplegraph

Last updated on 2025-07-02 01:51:51 CEST.

Flavor Version Tinstall Tcheck Ttotal Status Flags
r-devel-linux-x86_64-debian-clang 1.0.1 2.18 25.56 27.74 NOTE
r-devel-linux-x86_64-debian-gcc 1.0.1 1.61 20.00 21.61 NOTE
r-devel-linux-x86_64-fedora-clang 1.0.1 41.30 OK
r-devel-linux-x86_64-fedora-gcc 1.0.1 39.52 OK
r-devel-windows-x86_64 1.0.1 3.00 49.00 52.00 OK
r-patched-linux-x86_64 OK
r-release-linux-x86_64 1.0.1 2.09 22.94 25.03 OK
r-release-macos-arm64 1.0.1 19.00 OK
r-release-macos-x86_64 1.0.1 28.00 OK
r-release-windows-x86_64 1.0.1 4.00 51.00 55.00 OK
r-oldrel-macos-arm64 1.0.1 16.00 OK
r-oldrel-macos-x86_64 1.0.1 23.00 OK
r-oldrel-windows-x86_64 1.0.1 4.00 54.00 58.00 OK

Check Details

Version: 1.0.1
Check: CRAN incoming feasibility
Result: NOTE Maintainer: ‘Gabor Csardi <csardi.gabor@gmail.com>’ No Authors@R field in DESCRIPTION. Please add one, modifying Authors@R: person(given = "Gabor", family = "Csardi", role = c("aut", "cre"), email = "csardi.gabor@gmail.com") as necessary. Flavors: r-devel-linux-x86_64-debian-clang, r-devel-linux-x86_64-debian-gcc

These binaries (installable software) and packages are in development.
They may not be fully stable and should be used with caution. We make no claims about them.