CRAN Package Check Results for Package simplegraphdb

Last updated on 2025-05-01 12:49:41 CEST.

Flavor Version Tinstall Tcheck Ttotal Status Flags
r-devel-linux-x86_64-debian-clang 2021.03.10 3.65 36.13 39.78 OK
r-devel-linux-x86_64-debian-gcc 2021.03.10 2.97 27.16 30.13 OK
r-devel-linux-x86_64-fedora-clang 2021.03.10 61.46 NOTE
r-devel-linux-x86_64-fedora-gcc 2021.03.10 58.91 NOTE
r-devel-windows-x86_64 2021.03.10 6.00 60.00 66.00 OK
r-patched-linux-x86_64 2021.03.10 3.37 34.21 37.58 OK
r-release-linux-x86_64 OK
r-release-macos-arm64 2021.03.10 26.00 OK
r-release-macos-x86_64 2021.03.10 41.00 OK
r-release-windows-x86_64 2021.03.10 6.00 65.00 71.00 OK
r-oldrel-macos-arm64 2021.03.10 23.00 NOTE
r-oldrel-macos-x86_64 2021.03.10 32.00 NOTE
r-oldrel-windows-x86_64 2021.03.10 6.00 63.00 69.00 NOTE

Check Details

Version: 2021.03.10
Check: dependencies in R code
Result: NOTE Namespace in Imports field not imported from: ‘DBI’ All declared Imports should be used. Flavors: r-devel-linux-x86_64-fedora-clang, r-devel-linux-x86_64-fedora-gcc

Version: 2021.03.10
Check: LazyData
Result: NOTE 'LazyData' is specified without a 'data' directory Flavors: r-oldrel-macos-arm64, r-oldrel-macos-x86_64, r-oldrel-windows-x86_64

These binaries (installable software) and packages are in development.
They may not be fully stable and should be used with caution. We make no claims about them.