CRAN Package Check Results for Package simplextree

Last updated on 2025-10-23 11:50:28 CEST.

Flavor Version Tinstall Tcheck Ttotal Status Flags
r-devel-linux-x86_64-debian-clang 1.0.1 52.10 61.16 113.26 NOTE
r-devel-linux-x86_64-debian-gcc 1.0.1 41.18 42.35 83.53 NOTE
r-devel-linux-x86_64-fedora-clang 1.0.1 219.00 -21.51 197.49 NOTE
r-devel-linux-x86_64-fedora-gcc 1.0.1 212.00 -1.01 210.99 NOTE
r-devel-windows-x86_64 1.0.1 56.00 93.00 149.00 NOTE
r-patched-linux-x86_64 1.0.1 57.39 58.76 116.15 NOTE
r-release-linux-x86_64 1.0.1 57.44 58.07 115.51 NOTE
r-release-macos-arm64 1.0.1 22.00 28.00 50.00 NOTE
r-release-macos-x86_64 1.0.1 45.00 59.00 104.00 NOTE
r-release-windows-x86_64 1.0.1 55.00 96.00 151.00 NOTE
r-oldrel-macos-arm64 1.0.1 23.00 26.00 49.00 NOTE
r-oldrel-macos-x86_64 1.0.1 38.00 49.00 87.00 NOTE
r-oldrel-windows-x86_64 1.0.1 60.00 124.00 184.00 NOTE

Check Details

Version: 1.0.1
Check: C++ specification
Result: NOTE Specified C++11: please drop specification unless essential Flavors: r-devel-linux-x86_64-debian-clang, r-devel-linux-x86_64-debian-gcc, r-devel-linux-x86_64-fedora-clang, r-devel-linux-x86_64-fedora-gcc, r-devel-windows-x86_64, r-patched-linux-x86_64, r-release-linux-x86_64, r-release-macos-arm64, r-release-macos-x86_64, r-release-windows-x86_64, r-oldrel-macos-arm64, r-oldrel-macos-x86_64, r-oldrel-windows-x86_64

Version: 1.0.1
Check: HTML version of manual
Result: NOTE Found the following HTML validation problems: as.list.st_traversal.html:51:1 (as.list.st_traversal.Rd:12): Warning: missing </ul> before </div> clone.html:46:1 (clone.Rd:10): Warning: missing </ul> before </div> coface_roots.html:53:1 (coface_roots.Rd:12): Warning: missing </ul> before </div> cofaces.html:50:1 (cofaces.Rd:12): Warning: missing </ul> before </div> degree.html:50:1 (degree.Rd:12): Warning: missing </ul> before </div> expand.html:53:1 (expand.Rd:12): Warning: missing </ul> before </div> faces.html:50:1 (faces.Rd:12): Warning: missing </ul> before </div> k_simplices.html:54:1 (k_simplices.Rd:14): Warning: missing </ul> before </div> k_skeleton.html:54:1 (k_skeleton.Rd:14): Warning: missing </ul> before </div> level_order.html:50:1 (level_order.Rd:12): Warning: missing </ul> before </div> link.html:50:1 (link.Rd:12): Warning: missing </ul> before </div> maximal.html:50:1 (maximal.Rd:12): Warning: missing </ul> before </div> preorder.html:50:1 (preorder.Rd:12): Warning: missing </ul> before </div> print.st_traversal.html:51:1 (print.st_traversal.Rd:12): Warning: missing </ul> before </div> print_simplices.html:77:1 (print_simplices.Rd:15): Warning: missing </ul> before </div> rips.html:58:1 (rips.Rd:16): Warning: missing </ul> before </div> threshold.html:54:1 (threshold.Rd:14): Warning: missing </ul> before </div> Flavor: r-devel-linux-x86_64-debian-clang

Version: 1.0.1
Check: Rd files
Result: NOTE checkRd: (-1) simplex_tree.Rd:24: height/width attributes should be in pixels Flavors: r-devel-linux-x86_64-debian-gcc, r-devel-linux-x86_64-fedora-clang, r-devel-linux-x86_64-fedora-gcc

Version: 1.0.1
Check: installed package size
Result: NOTE installed size is 9.9Mb sub-directories of 1Mb or more: libs 9.2Mb Flavors: r-oldrel-macos-arm64, r-oldrel-macos-x86_64

Version: 1.0.1
Check: LazyData
Result: NOTE 'LazyData' is specified without a 'data' directory Flavors: r-oldrel-macos-arm64, r-oldrel-macos-x86_64, r-oldrel-windows-x86_64

These binaries (installable software) and packages are in development.
They may not be fully stable and should be used with caution. We make no claims about them.