CRAN Package Check Results for Package simplifyNet

Last updated on 2025-05-02 06:49:46 CEST.

Flavor Version Tinstall Tcheck Ttotal Status Flags
r-devel-linux-x86_64-debian-clang 0.0.1 2.15 37.88 40.03 NOTE
r-devel-linux-x86_64-debian-gcc 0.0.1 1.76 27.37 29.13 NOTE
r-devel-linux-x86_64-fedora-clang 0.0.1 60.28 OK
r-devel-linux-x86_64-fedora-gcc 0.0.1 57.35 OK
r-devel-windows-x86_64 0.0.1 4.00 57.00 61.00 OK
r-patched-linux-x86_64 0.0.1 2.52 34.41 36.93 OK
r-release-linux-x86_64 OK
r-release-macos-arm64 0.0.1 24.00 OK
r-release-macos-x86_64 0.0.1 49.00 OK
r-release-windows-x86_64 0.0.1 4.00 64.00 68.00 OK
r-oldrel-macos-arm64 0.0.1 22.00 OK
r-oldrel-macos-x86_64 0.0.1 34.00 OK
r-oldrel-windows-x86_64 0.0.1 5.00 64.00 69.00 OK

Check Details

Version: 0.0.1
Check: CRAN incoming feasibility
Result: NOTE Maintainer: ‘Alexander Mercier <amercier@g.harvard.edu>’ The Description field contains (2009)<arXiv:0803.0929>. Koutis I., Levin, A., Peng, R. (2013)<arXiv:1209.5821>. Toivonen, H., Mahler, S., Zhou, F. Please refer to arXiv e-prints via their arXiv DOI <doi:10.48550/arXiv.YYMM.NNNNN>. Flavors: r-devel-linux-x86_64-debian-clang, r-devel-linux-x86_64-debian-gcc

Version: 0.0.1
Check: examples
Result: NOTE Examples with CPU (user + system) or elapsed time > 5s user system elapsed bestpath 8.918 0.035 11.399 Flavor: r-devel-linux-x86_64-debian-clang

These binaries (installable software) and packages are in development.
They may not be fully stable and should be used with caution. We make no claims about them.