Last updated on 2025-05-03 22:50:09 CEST.
Flavor | Version | Tinstall | Tcheck | Ttotal | Status | Flags |
---|---|---|---|---|---|---|
r-devel-linux-x86_64-debian-clang | 1.0.7 | 12.22 | 173.78 | 186.00 | NOTE | |
r-devel-linux-x86_64-debian-gcc | 1.0.7 | 9.02 | 116.71 | 125.73 | NOTE | |
r-devel-linux-x86_64-fedora-clang | 1.0.7 | 313.45 | OK | |||
r-devel-linux-x86_64-fedora-gcc | 1.0.7 | 294.19 | OK | |||
r-devel-windows-x86_64 | 1.0.7 | 13.00 | 163.00 | 176.00 | NOTE | |
r-patched-linux-x86_64 | 1.0.7 | 11.75 | 163.86 | 175.61 | NOTE | |
r-release-linux-x86_64 | NOTE | |||||
r-release-macos-arm64 | 1.0.7 | 80.00 | OK | |||
r-release-macos-x86_64 | 1.0.7 | 178.00 | OK | |||
r-release-windows-x86_64 | 1.0.7 | 14.00 | 166.00 | 180.00 | NOTE | |
r-oldrel-macos-arm64 | 1.0.7 | 78.00 | OK | |||
r-oldrel-macos-x86_64 | 1.0.7 | 136.00 | OK | |||
r-oldrel-windows-x86_64 | 1.0.7 | 18.00 | 214.00 | 232.00 | OK |
Version: 1.0.7
Check: Rd cross-references
Result: NOTE
Found the following Rd file(s) with Rd \link{} targets missing package
anchors:
print.powerSim.Rd: binom.confint
simrOptions.Rd: Anova
tests.Rd: summary.merMod, anova.merMod, Anova
Please provide package anchors for all Rd \link{} targets not in the
package itself and the base packages.
Flavors: r-devel-linux-x86_64-debian-clang, r-devel-linux-x86_64-debian-gcc, r-devel-windows-x86_64, r-patched-linux-x86_64, r-release-linux-x86_64, r-release-windows-x86_64
These binaries (installable software) and packages are in development.
They may not be fully stable and should be used with caution. We make no claims about them.