Last updated on 2025-11-12 11:51:28 CET.
| Flavor | Version | Tinstall | Tcheck | Ttotal | Status | Flags |
|---|---|---|---|---|---|---|
| r-devel-linux-x86_64-debian-clang | 1.0-13 | 5.69 | 74.64 | 80.33 | OK | |
| r-devel-linux-x86_64-debian-gcc | 1.0-13 | 3.76 | 56.14 | 59.90 | OK | |
| r-devel-linux-x86_64-fedora-clang | 1.0-13 | 13.00 | 107.13 | 120.13 | OK | |
| r-devel-linux-x86_64-fedora-gcc | 1.0-13 | 11.00 | 107.20 | 118.20 | OK | |
| r-devel-windows-x86_64 | 1.0-13 | 8.00 | 102.00 | 110.00 | OK | |
| r-patched-linux-x86_64 | 1.0-13 | 6.33 | 72.59 | 78.92 | OK | |
| r-release-linux-x86_64 | 1.0-13 | 5.28 | 72.27 | 77.55 | OK | |
| r-release-macos-arm64 | 1.0-13 | 3.00 | 61.00 | 64.00 | OK | |
| r-release-macos-x86_64 | 1.0-13 | 4.00 | 102.00 | 106.00 | OK | |
| r-release-windows-x86_64 | 1.0-13 | 6.00 | 102.00 | 108.00 | OK | |
| r-oldrel-macos-arm64 | 1.0-13 | 2.00 | 64.00 | 66.00 | NOTE | |
| r-oldrel-macos-x86_64 | 1.0-13 | 5.00 | 100.00 | 105.00 | NOTE | |
| r-oldrel-windows-x86_64 | 1.0-13 | 8.00 | 123.00 | 131.00 | OK |
Version: 1.0-13
Check: package dependencies
Result: NOTE
Package suggested but not available for checking: ‘Rmpi’
Flavors: r-oldrel-macos-arm64, r-oldrel-macos-x86_64
Version: 1.0-13
Check: Rd cross-references
Result: NOTE
Package unavailable to check Rd xrefs: ‘Rmpi’
Flavors: r-oldrel-macos-arm64, r-oldrel-macos-x86_64
These binaries (installable software) and packages are in development.
They may not be fully stable and should be used with caution. We make no claims about them.