Last updated on 2025-11-16 17:49:53 CET.
| Flavor | Version | Tinstall | Tcheck | Ttotal | Status | Flags |
|---|---|---|---|---|---|---|
| r-devel-linux-x86_64-debian-clang | 0.5-17 | 20.30 | 117.67 | 137.97 | OK | |
| r-devel-linux-x86_64-debian-gcc | 0.5-17 | 13.16 | 81.26 | 94.42 | OK | |
| r-devel-linux-x86_64-fedora-clang | 0.5-17 | 84.00 | 147.45 | 231.45 | OK | |
| r-devel-linux-x86_64-fedora-gcc | 0.5-17 | 34.00 | 170.28 | 204.28 | OK | |
| r-devel-windows-x86_64 | 0.5-17 | 22.00 | 130.00 | 152.00 | OK | |
| r-patched-linux-x86_64 | 0.5-17 | 23.13 | 114.63 | 137.76 | OK | |
| r-release-linux-x86_64 | 0.5-17 | 14.79 | 113.47 | 128.26 | OK | |
| r-release-macos-arm64 | 0.5-17 | 7.00 | 44.00 | 51.00 | OK | |
| r-release-macos-x86_64 | 0.5-17 | 17.00 | 105.00 | 122.00 | OK | |
| r-release-windows-x86_64 | 0.5-17 | 17.00 | 133.00 | 150.00 | OK | |
| r-oldrel-macos-arm64 | 0.5-17 | 7.00 | 45.00 | 52.00 | OK | |
| r-oldrel-macos-x86_64 | 0.5-17 | 23.00 | 109.00 | 132.00 | OK | |
| r-oldrel-windows-x86_64 | 0.5-17 | 18.00 | 160.00 | 178.00 | NOTE |
Version: 0.5-17
Check: package dependencies
Result: NOTE
Package suggested but not available for checking: 'OpenMx'
Flavor: r-oldrel-windows-x86_64
These binaries (installable software) and packages are in development.
They may not be fully stable and should be used with caution. We make no claims about them.