Last updated on 2025-05-21 17:52:27 CEST.
Flavor | Version | Tinstall | Tcheck | Ttotal | Status | Flags |
---|---|---|---|---|---|---|
r-devel-linux-x86_64-debian-clang | 0.8.1 | 18.41 | 304.19 | 322.60 | NOTE | |
r-devel-linux-x86_64-debian-gcc | 0.8.1 | 13.60 | 196.76 | 210.36 | NOTE | |
r-devel-linux-x86_64-fedora-clang | 0.8.1 | 536.57 | NOTE | |||
r-devel-linux-x86_64-fedora-gcc | 0.8.1 | 515.32 | NOTE | |||
r-devel-windows-x86_64 | 0.8.1 | 26.00 | 331.00 | 357.00 | NOTE | |
r-patched-linux-x86_64 | 0.8.1 | 21.02 | 275.96 | 296.98 | NOTE | |
r-release-linux-x86_64 | 0.8.1 | 20.37 | 274.70 | 295.07 | NOTE | |
r-release-macos-arm64 | 0.8.1 | 163.00 | NOTE | |||
r-release-macos-x86_64 | 0.8.1 | 289.00 | NOTE | |||
r-release-windows-x86_64 | 0.8.1 | 25.00 | 312.00 | 337.00 | NOTE | |
r-oldrel-macos-arm64 | 0.8.1 | 156.00 | OK | |||
r-oldrel-macos-x86_64 | 0.8.1 | 395.00 | OK | |||
r-oldrel-windows-x86_64 | 0.8.1 | 31.00 | 396.00 | 427.00 | OK |
Version: 0.8.1
Check: DESCRIPTION meta-information
Result: NOTE
Missing dependency on R >= 4.1.0 because package code uses the pipe
|> or function shorthand \(...) syntax added in R 4.1.0.
File(s) using such syntax:
‘addCorGen.Rd’
Flavors: r-devel-linux-x86_64-debian-clang, r-devel-linux-x86_64-debian-gcc, r-devel-linux-x86_64-fedora-clang, r-devel-linux-x86_64-fedora-gcc, r-devel-windows-x86_64, r-patched-linux-x86_64, r-release-linux-x86_64, r-release-macos-arm64, r-release-macos-x86_64, r-release-windows-x86_64
These binaries (installable software) and packages are in development.
They may not be fully stable and should be used with caution. We make no claims about them.