Last updated on 2025-02-16 08:51:00 CET.
Flavor | Version | Tinstall | Tcheck | Ttotal | Status | Flags |
---|---|---|---|---|---|---|
r-devel-linux-x86_64-debian-clang | 1.0.0 | 2.44 | 316.55 | 318.99 | NOTE | |
r-devel-linux-x86_64-debian-gcc | 1.0.0 | 1.83 | 162.98 | 164.81 | NOTE | |
r-devel-linux-x86_64-fedora-clang | 1.0.0 | 538.89 | NOTE | |||
r-devel-linux-x86_64-fedora-gcc | 1.0.0 | 502.20 | NOTE | |||
r-devel-macos-arm64 | 1.0.0 | 125.00 | NOTE | |||
r-devel-macos-x86_64 | 1.0.0 | 353.00 | NOTE | |||
r-devel-windows-x86_64 | 1.0.0 | 4.00 | 245.00 | 249.00 | NOTE | |
r-patched-linux-x86_64 | 1.0.0 | 2.68 | 293.10 | 295.78 | NOTE | |
r-release-linux-x86_64 | 1.0.0 | 2.28 | 288.71 | 290.99 | NOTE | |
r-release-macos-arm64 | 1.0.0 | 117.00 | NOTE | |||
r-release-macos-x86_64 | 1.0.0 | 314.00 | NOTE | |||
r-release-windows-x86_64 | 1.0.0 | 4.00 | 266.00 | 270.00 | NOTE | |
r-oldrel-macos-arm64 | 1.0.0 | 121.00 | NOTE | |||
r-oldrel-macos-x86_64 | 1.0.0 | 231.00 | NOTE | |||
r-oldrel-windows-x86_64 | 1.0.0 | 5.00 | 372.00 | 377.00 | NOTE |
Version: 1.0.0
Check: package subdirectories
Result: NOTE
Problems with news in ‘NEWS.md’:
Cannot extract version info from the following section titles:
Version (Date)
Flavors: r-devel-linux-x86_64-debian-clang, r-devel-linux-x86_64-debian-gcc, r-devel-linux-x86_64-fedora-clang, r-devel-linux-x86_64-fedora-gcc, r-devel-macos-arm64, r-devel-macos-x86_64, r-devel-windows-x86_64, r-patched-linux-x86_64, r-release-linux-x86_64, r-release-macos-arm64, r-release-macos-x86_64, r-release-windows-x86_64, r-oldrel-macos-arm64, r-oldrel-macos-x86_64, r-oldrel-windows-x86_64
These binaries (installable software) and packages are in development.
They may not be fully stable and should be used with caution. We make no claims about them.