Last updated on 2025-11-11 17:50:13 CET.
| Flavor | Version | Tinstall | Tcheck | Ttotal | Status | Flags |
|---|---|---|---|---|---|---|
| r-devel-linux-x86_64-debian-clang | 1.0.0 | 2.53 | 319.12 | 321.65 | NOTE | |
| r-devel-linux-x86_64-debian-gcc | 1.0.0 | 1.79 | 167.83 | 169.62 | NOTE | |
| r-devel-linux-x86_64-fedora-clang | 1.0.0 | 547.24 | NOTE | |||
| r-devel-linux-x86_64-fedora-gcc | 1.0.0 | 15.00 | 576.32 | 591.32 | NOTE | |
| r-devel-windows-x86_64 | 1.0.0 | 4.00 | 259.00 | 263.00 | NOTE | |
| r-patched-linux-x86_64 | 1.0.0 | 2.50 | 300.79 | 303.29 | NOTE | |
| r-release-linux-x86_64 | 1.0.0 | 2.12 | 302.84 | 304.96 | NOTE | |
| r-release-macos-arm64 | 1.0.0 | 2.00 | 129.00 | 131.00 | NOTE | |
| r-release-macos-x86_64 | 1.0.0 | 4.00 | 348.00 | 352.00 | NOTE | |
| r-release-windows-x86_64 | 1.0.0 | 6.00 | 254.00 | 260.00 | NOTE | |
| r-oldrel-macos-arm64 | 1.0.0 | 1.00 | 116.00 | 117.00 | NOTE | |
| r-oldrel-macos-x86_64 | 1.0.0 | 4.00 | 310.00 | 314.00 | NOTE | |
| r-oldrel-windows-x86_64 | 1.0.0 | 3.00 | 385.00 | 388.00 | NOTE |
Version: 1.0.0
Check: package subdirectories
Result: NOTE
Problems with news in ‘NEWS.md’:
Cannot extract version info from the following section titles:
Version (Date)
Flavors: r-devel-linux-x86_64-debian-clang, r-devel-linux-x86_64-debian-gcc, r-devel-linux-x86_64-fedora-clang, r-devel-linux-x86_64-fedora-gcc, r-devel-windows-x86_64, r-patched-linux-x86_64, r-release-linux-x86_64, r-release-macos-arm64, r-release-macos-x86_64, r-release-windows-x86_64, r-oldrel-macos-arm64, r-oldrel-macos-x86_64, r-oldrel-windows-x86_64
These binaries (installable software) and packages are in development.
They may not be fully stable and should be used with caution. We make no claims about them.