Last updated on 2025-02-02 14:48:34 CET.
Flavor | Version | Tinstall | Tcheck | Ttotal | Status | Flags |
---|---|---|---|---|---|---|
r-devel-linux-x86_64-debian-clang | 0.4.2 | 20.53 | 313.58 | 334.11 | OK | |
r-devel-linux-x86_64-debian-gcc | 0.4.2 | 16.25 | 219.62 | 235.87 | OK | |
r-devel-linux-x86_64-fedora-clang | 0.4.2 | 497.23 | NOTE | |||
r-devel-linux-x86_64-fedora-gcc | 0.4.2 | 478.62 | NOTE | |||
r-devel-windows-x86_64 | 0.4.2 | 27.00 | 304.00 | 331.00 | OK | |
r-patched-linux-x86_64 | 0.4.2 | 21.54 | 282.58 | 304.12 | OK | |
r-release-linux-x86_64 | 0.4.2 | 22.98 | 280.42 | 303.40 | OK | |
r-release-macos-arm64 | 0.4.2 | 152.00 | OK | |||
r-release-macos-x86_64 | 0.4.2 | 185.00 | OK | |||
r-release-windows-x86_64 | 0.4.2 | 28.00 | 301.00 | 329.00 | OK | |
r-oldrel-macos-arm64 | 0.4.2 | 162.00 | OK | |||
r-oldrel-macos-x86_64 | 0.4.2 | 208.00 | OK | |||
r-oldrel-windows-x86_64 | 0.4.2 | 33.00 | 366.00 | 399.00 | OK |
Version: 0.4.2
Check: dependencies in R code
Result: NOTE
Namespace in Imports field not imported from: ‘gsDesign2’
All declared Imports should be used.
Flavors: r-devel-linux-x86_64-fedora-clang, r-devel-linux-x86_64-fedora-gcc
These binaries (installable software) and packages are in development.
They may not be fully stable and should be used with caution. We make no claims about them.