Last updated on 2025-11-12 18:50:46 CET.
| Flavor | Version | Tinstall | Tcheck | Ttotal | Status | Flags |
|---|---|---|---|---|---|---|
| r-devel-linux-x86_64-debian-clang | 0.2.3 | 325.90 | 148.61 | 474.51 | OK | |
| r-devel-linux-x86_64-debian-gcc | 0.2.3 | 203.11 | 101.79 | 304.90 | OK | |
| r-devel-linux-x86_64-fedora-clang | 0.2.3 | 441.00 | 459.22 | 900.22 | OK | |
| r-devel-linux-x86_64-fedora-gcc | 0.2.3 | 1140.00 | -255.08 | 884.92 | OK | |
| r-devel-windows-x86_64 | 0.2.3 | 360.00 | 199.00 | 559.00 | OK | |
| r-patched-linux-x86_64 | 0.2.3 | 326.96 | 137.36 | 464.32 | OK | |
| r-release-linux-x86_64 | 0.2.3 | 334.71 | 137.72 | 472.43 | OK | |
| r-release-macos-arm64 | 0.2.3 | 104.00 | 62.00 | 166.00 | OK | |
| r-release-macos-x86_64 | 0.2.3 | 97.00 | 130.00 | 227.00 | OK | |
| r-release-windows-x86_64 | 0.2.3 | 370.00 | 195.00 | 565.00 | OK | |
| r-oldrel-macos-arm64 | 0.2.3 | 98.00 | 65.00 | 163.00 | NOTE | |
| r-oldrel-macos-x86_64 | 0.2.3 | 93.00 | 142.00 | 235.00 | NOTE | |
| r-oldrel-windows-x86_64 | 0.2.3 | 431.00 | 234.00 | 665.00 | OK |
Version: 0.2.3
Check: installed package size
Result: NOTE
installed size is 22.7Mb
sub-directories of 1Mb or more:
doc 1.5Mb
libs 20.3Mb
Flavors: r-oldrel-macos-arm64, r-oldrel-macos-x86_64
These binaries (installable software) and packages are in development.
They may not be fully stable and should be used with caution. We make no claims about them.