CRAN Package Check Results for Package simulMGF

Last updated on 2025-05-08 04:52:19 CEST.

Flavor Version Tinstall Tcheck Ttotal Status Flags
r-devel-linux-x86_64-debian-clang 0.1.1 1.72 19.44 21.16 NOTE
r-devel-linux-x86_64-debian-gcc 0.1.1 1.35 15.68 17.03 NOTE
r-devel-linux-x86_64-fedora-clang 0.1.1 32.90 OK
r-devel-linux-x86_64-fedora-gcc 0.1.1 31.07 OK
r-devel-windows-x86_64 0.1.1 2.00 41.00 43.00 OK
r-patched-linux-x86_64 0.1.1 1.92 18.47 20.39 OK
r-release-linux-x86_64 0.1.1 1.80 18.54 20.34 OK
r-release-macos-arm64 0.1.1 16.00 OK
r-release-macos-x86_64 0.1.1 24.00 OK
r-release-windows-x86_64 0.1.1 2.00 43.00 45.00 OK
r-oldrel-macos-arm64 0.1.1 14.00 OK
r-oldrel-macos-x86_64 0.1.1 21.00 OK
r-oldrel-windows-x86_64 0.1.1 3.00 47.00 50.00 OK

Check Details

Version: 0.1.1
Check: CRAN incoming feasibility
Result: NOTE Maintainer: ‘Martin Nahuel Garcia <garcia.martin@inta.gob.ar>’ No Authors@R field in DESCRIPTION. Please add one, modifying Authors@R: person(given = c("Martin", "Nahuel"), family = "Garcia", role = c("aut", "cre"), email = "garcia.martin@inta.gob.ar") as necessary. Flavors: r-devel-linux-x86_64-debian-clang, r-devel-linux-x86_64-debian-gcc

These binaries (installable software) and packages are in development.
They may not be fully stable and should be used with caution. We make no claims about them.