CRAN Package Check Results for Package sinaplot

Last updated on 2025-05-08 04:52:19 CEST.

Flavor Version Tinstall Tcheck Ttotal Status Flags
r-devel-linux-x86_64-debian-clang 1.1.0 2.13 33.74 35.87 NOTE
r-devel-linux-x86_64-debian-gcc 1.1.0 1.29 26.96 28.25 NOTE
r-devel-linux-x86_64-fedora-clang 1.1.0 54.52 OK
r-devel-linux-x86_64-fedora-gcc 1.1.0 65.19 OK
r-devel-windows-x86_64 1.1.0 4.00 51.00 55.00 OK
r-patched-linux-x86_64 1.1.0 2.27 31.18 33.45 OK
r-release-linux-x86_64 1.1.0 1.75 31.52 33.27 OK
r-release-macos-arm64 1.1.0 29.00 OK
r-release-macos-x86_64 1.1.0 52.00 OK
r-release-windows-x86_64 1.1.0 4.00 52.00 56.00 OK
r-oldrel-macos-arm64 1.1.0 24.00 OK
r-oldrel-macos-x86_64 1.1.0 36.00 OK
r-oldrel-windows-x86_64 1.1.0 3.00 58.00 61.00 OK

Check Details

Version: 1.1.0
Check: CRAN incoming feasibility
Result: NOTE Maintainer: ‘Nikos Sidiropoulos <nikos.sidiro@gmail.com>’ Package CITATION file contains call(s) to old-style personList() or as.personList(). Please use c() on person objects instead. Package CITATION file contains call(s) to old-style citEntry(). Please use bibentry() instead. Flavors: r-devel-linux-x86_64-debian-clang, r-devel-linux-x86_64-debian-gcc

These binaries (installable software) and packages are in development.
They may not be fully stable and should be used with caution. We make no claims about them.