CRAN Package Check Results for Package sindyr

Last updated on 2025-05-08 04:52:19 CEST.

Flavor Version Tinstall Tcheck Ttotal Status Flags
r-devel-linux-x86_64-debian-clang 0.2.4 2.94 29.94 32.88 NOTE
r-devel-linux-x86_64-debian-gcc 0.2.4 2.21 23.02 25.23 NOTE
r-devel-linux-x86_64-fedora-clang 0.2.4 51.33 OK
r-devel-linux-x86_64-fedora-gcc 0.2.4 49.44 OK
r-devel-windows-x86_64 0.2.4 4.00 50.00 54.00 OK
r-patched-linux-x86_64 0.2.4 3.09 28.72 31.81 OK
r-release-linux-x86_64 0.2.4 2.91 29.65 32.56 OK
r-release-macos-arm64 0.2.4 22.00 OK
r-release-macos-x86_64 0.2.4 36.00 OK
r-release-windows-x86_64 0.2.4 5.00 51.00 56.00 OK
r-oldrel-macos-arm64 0.2.4 21.00 OK
r-oldrel-macos-x86_64 0.2.4 28.00 OK
r-oldrel-windows-x86_64 0.2.4 6.00 57.00 63.00 OK

Check Details

Version: 0.2.4
Check: CRAN incoming feasibility
Result: NOTE Maintainer: ‘Rick Dale <racdale@gmail.com>’ No Authors@R field in DESCRIPTION. Please add one, modifying Authors@R: c(person(given = "Rick", family = "Dale", role = c("aut", "cre"), email = "racdale@gmail.com"), person(given = c("Harish", "S."), family = "Bhat", role = "aut")) as necessary. Flavors: r-devel-linux-x86_64-debian-clang, r-devel-linux-x86_64-debian-gcc

These binaries (installable software) and packages are in development.
They may not be fully stable and should be used with caution. We make no claims about them.