CRAN Package Check Results for Package sinew

Last updated on 2025-10-23 17:51:03 CEST.

Flavor Version Tinstall Tcheck Ttotal Status Flags
r-devel-linux-x86_64-debian-clang 0.4.0 6.06 63.47 69.53 NOTE
r-devel-linux-x86_64-debian-gcc 0.4.0 3.57 47.22 50.79 OK
r-devel-linux-x86_64-fedora-clang 0.4.0 26.00 87.79 113.79 OK
r-devel-linux-x86_64-fedora-gcc 0.4.0 13.00 236.64 249.64 OK
r-devel-windows-x86_64 0.4.0 8.00 83.00 91.00 OK
r-patched-linux-x86_64 0.4.0 5.89 59.19 65.08 OK
r-release-linux-x86_64 0.4.0 5.63 59.38 65.01 OK
r-release-macos-arm64 0.4.0 3.00 436.00 439.00 OK
r-release-macos-x86_64 0.4.0 5.00 323.00 328.00 OK
r-release-windows-x86_64 0.4.0 10.00 86.00 96.00 OK
r-oldrel-macos-arm64 0.4.0 3.00 182.00 185.00 OK
r-oldrel-macos-x86_64 0.4.0 4.00 329.00 333.00 OK
r-oldrel-windows-x86_64 0.4.0 10.00 98.00 108.00 OK

Check Details

Version: 0.4.0
Check: HTML version of manual
Result: NOTE Found the following HTML validation problems: parse_check.html:55:1 (parse_check.Rd:15): Warning: missing </ul> before </div> pretty_merge.html:50:1 (pretty_merge.Rd:12): Warning: missing </ul> before </div> Flavor: r-devel-linux-x86_64-debian-clang

These binaries (installable software) and packages are in development.
They may not be fully stable and should be used with caution. We make no claims about them.