Last updated on 2025-11-12 23:50:59 CET.
| Flavor | Version | Tinstall | Tcheck | Ttotal | Status | Flags |
|---|---|---|---|---|---|---|
| r-devel-linux-x86_64-debian-clang | 0.1.3 | 39.44 | 132.96 | 172.40 | OK | |
| r-devel-linux-x86_64-debian-gcc | 0.1.3 | 26.25 | 96.88 | 123.13 | OK | |
| r-devel-linux-x86_64-fedora-clang | 0.1.3 | 75.00 | 208.11 | 283.11 | OK | |
| r-devel-linux-x86_64-fedora-gcc | 0.1.3 | 203.00 | 97.64 | 300.64 | OK | |
| r-devel-windows-x86_64 | 0.1.3 | 43.00 | 158.00 | 201.00 | OK | |
| r-patched-linux-x86_64 | 0.1.3 | 32.77 | 130.18 | 162.95 | OK | |
| r-release-linux-x86_64 | 0.1.3 | 36.93 | 129.28 | 166.21 | OK | |
| r-release-macos-arm64 | 0.1.3 | 15.00 | 62.00 | 77.00 | OK | |
| r-release-macos-x86_64 | 0.1.3 | 26.00 | 122.00 | 148.00 | OK | |
| r-release-windows-x86_64 | 0.1.3 | 43.00 | 158.00 | 201.00 | OK | |
| r-oldrel-macos-arm64 | 0.1.3 | 15.00 | 64.00 | 79.00 | NOTE | |
| r-oldrel-macos-x86_64 | 0.1.3 | 25.00 | 129.00 | 154.00 | NOTE | |
| r-oldrel-windows-x86_64 | 0.1.3 | 53.00 | 198.00 | 251.00 | OK |
Version: 0.1.3
Check: installed package size
Result: NOTE
installed size is 5.4Mb
sub-directories of 1Mb or more:
data 2.3Mb
libs 2.7Mb
Flavors: r-oldrel-macos-arm64, r-oldrel-macos-x86_64
These binaries (installable software) and packages are in development.
They may not be fully stable and should be used with caution. We make no claims about them.