Last updated on 2025-05-21 21:49:31 CEST.
Flavor | Version | Tinstall | Tcheck | Ttotal | Status | Flags |
---|---|---|---|---|---|---|
r-devel-linux-x86_64-debian-clang | 0.1.3 | 32.21 | 121.12 | 153.33 | OK | |
r-devel-linux-x86_64-debian-gcc | 0.1.3 | 26.53 | 87.16 | 113.69 | OK | |
r-devel-linux-x86_64-fedora-clang | 0.1.3 | 264.21 | OK | |||
r-devel-linux-x86_64-fedora-gcc | 0.1.3 | 264.36 | OK | |||
r-devel-windows-x86_64 | 0.1.3 | 46.00 | 168.00 | 214.00 | OK | |
r-patched-linux-x86_64 | 0.1.3 | 39.26 | 114.15 | 153.41 | OK | |
r-release-linux-x86_64 | 0.1.3 | 34.34 | 126.54 | 160.88 | OK | |
r-release-macos-arm64 | 0.1.3 | 77.00 | OK | |||
r-release-macos-x86_64 | 0.1.3 | 148.00 | OK | |||
r-release-windows-x86_64 | 0.1.3 | 45.00 | 176.00 | 221.00 | OK | |
r-oldrel-macos-arm64 | 0.1.3 | 79.00 | NOTE | |||
r-oldrel-macos-x86_64 | 0.1.3 | 154.00 | NOTE | |||
r-oldrel-windows-x86_64 | 0.1.3 | 52.00 | 193.00 | 245.00 | OK |
Version: 0.1.3
Check: installed package size
Result: NOTE
installed size is 5.4Mb
sub-directories of 1Mb or more:
data 2.3Mb
libs 2.7Mb
Flavors: r-oldrel-macos-arm64, r-oldrel-macos-x86_64
These binaries (installable software) and packages are in development.
They may not be fully stable and should be used with caution. We make no claims about them.