Last updated on 2025-07-25 01:49:40 CEST.
Flavor | Version | Tinstall | Tcheck | Ttotal | Status | Flags |
---|---|---|---|---|---|---|
r-devel-linux-x86_64-debian-clang | 1.0.2 | 12.01 | 160.78 | 172.79 | NOTE | |
r-devel-linux-x86_64-debian-gcc | 1.0.2 | 8.63 | 119.59 | 128.22 | NOTE | |
r-devel-linux-x86_64-fedora-clang | 1.0.2 | 272.11 | NOTE | |||
r-devel-linux-x86_64-fedora-gcc | 1.0.2 | 254.17 | NOTE | |||
r-devel-windows-x86_64 | 1.0.2 | 13.00 | 172.00 | 185.00 | NOTE | |
r-patched-linux-x86_64 | 1.0.2 | 11.43 | 150.30 | 161.73 | NOTE | |
r-release-linux-x86_64 | 1.0.2 | 10.42 | 149.98 | 160.40 | NOTE | |
r-release-macos-arm64 | 1.0.2 | 83.00 | NOTE | |||
r-release-macos-x86_64 | 1.0.2 | 165.00 | NOTE | |||
r-release-windows-x86_64 | 1.0.2 | 13.00 | 160.00 | 173.00 | NOTE | |
r-oldrel-macos-arm64 | 1.0.2 | 80.00 | OK | |||
r-oldrel-macos-x86_64 | 1.0.2 | 132.00 | OK | |||
r-oldrel-windows-x86_64 | 1.0.2 | 17.00 | 195.00 | 212.00 | OK |
Version: 1.0.2
Check: DESCRIPTION meta-information
Result: NOTE
Missing dependency on R >= 4.1.0 because package code uses the pipe
|> or function shorthand \(...) syntax added in R 4.1.0.
File(s) using such syntax:
‘debug.R’
Flavors: r-devel-linux-x86_64-debian-clang, r-devel-linux-x86_64-debian-gcc, r-devel-linux-x86_64-fedora-clang, r-devel-linux-x86_64-fedora-gcc, r-devel-windows-x86_64, r-patched-linux-x86_64, r-release-linux-x86_64, r-release-macos-arm64, r-release-macos-x86_64, r-release-windows-x86_64
These binaries (installable software) and packages are in development.
They may not be fully stable and should be used with caution. We make no claims about them.