CRAN Package Check Results for Package sinib

Last updated on 2025-11-11 15:50:47 CET.

Flavor Version Tinstall Tcheck Ttotal Status Flags
r-devel-linux-x86_64-debian-clang 1.0.0 1.92 20.99 22.91 NOTE
r-devel-linux-x86_64-debian-gcc 1.0.0 1.38 16.73 18.11 NOTE
r-devel-linux-x86_64-fedora-clang 1.0.0 34.26 OK
r-devel-linux-x86_64-fedora-gcc 1.0.0 13.00 21.93 34.93 OK
r-devel-windows-x86_64 1.0.0 4.00 35.00 39.00 OK
r-patched-linux-x86_64 1.0.0 1.85 20.22 22.07 OK
r-release-linux-x86_64 1.0.0 1.88 19.90 21.78 OK
r-release-macos-arm64 1.0.0 1.00 15.00 16.00 OK
r-release-macos-x86_64 1.0.0 2.00 22.00 24.00 OK
r-release-windows-x86_64 1.0.0 2.00 35.00 37.00 OK
r-oldrel-macos-arm64 1.0.0 1.00 15.00 16.00 OK
r-oldrel-macos-x86_64 1.0.0 2.00 18.00 20.00 OK
r-oldrel-windows-x86_64 1.0.0 2.00 37.00 39.00 OK

Check Details

Version: 1.0.0
Check: CRAN incoming feasibility
Result: NOTE Maintainer: ‘Boxiang Liu <jollier.liu@gmail.com>’ No Authors@R field in DESCRIPTION. Please add one, modifying Authors@R: person(given = "Boxiang", family = "Liu", role = c("aut", "cre"), email = "jollier.liu@gmail.com") as necessary. Flavors: r-devel-linux-x86_64-debian-clang, r-devel-linux-x86_64-debian-gcc

These binaries (installable software) and packages are in development.
They may not be fully stable and should be used with caution. We make no claims about them.