CRAN Package Check Results for Package siplab

Last updated on 2025-07-26 00:49:18 CEST.

Flavor Version Tinstall Tcheck Ttotal Status Flags
r-devel-linux-x86_64-debian-clang 1.6 8.44 88.10 96.54 NOTE
r-devel-linux-x86_64-debian-gcc 1.6 6.47 67.25 73.72 NOTE
r-devel-linux-x86_64-fedora-clang 1.6 149.39 OK
r-devel-linux-x86_64-fedora-gcc 1.6 161.28 OK
r-devel-windows-x86_64 1.6 10.00 120.00 130.00 OK
r-patched-linux-x86_64 1.6 8.21 84.58 92.79 OK
r-release-linux-x86_64 1.6 7.51 84.94 92.45 OK
r-release-macos-arm64 1.6 57.00 OK
r-release-macos-x86_64 1.6 139.00 OK
r-release-windows-x86_64 1.6 11.00 120.00 131.00 OK
r-oldrel-macos-arm64 1.6 53.00 OK
r-oldrel-macos-x86_64 1.6 113.00 OK
r-oldrel-windows-x86_64 1.6 13.00 141.00 154.00 OK

Check Details

Version: 1.6
Check: CRAN incoming feasibility
Result: NOTE Maintainer: ‘Oscar Garcia <garcia@dasometrics.net>’ No Authors@R field in DESCRIPTION. Please add one, modifying Authors@R: person(given = "Oscar", family = "Garcia", role = c("aut", "cre"), email = "https://orcid.org/0000-0002-8995-1341") as necessary. Package CITATION file contains call(s) to old-style personList() or as.personList(). Please use c() on person objects instead. Package CITATION file contains call(s) to old-style citEntry(). Please use bibentry() instead. Flavors: r-devel-linux-x86_64-debian-clang, r-devel-linux-x86_64-debian-gcc

These binaries (installable software) and packages are in development.
They may not be fully stable and should be used with caution. We make no claims about them.