Last updated on 2025-05-01 17:56:16 CEST.
Flavor | Version | Tinstall | Tcheck | Ttotal | Status | Flags |
---|---|---|---|---|---|---|
r-devel-linux-x86_64-debian-clang | 1.6 | 9.03 | 88.02 | 97.05 | NOTE | |
r-devel-linux-x86_64-debian-gcc | 1.6 | 6.13 | 71.07 | 77.20 | NOTE | |
r-devel-linux-x86_64-fedora-clang | 1.6 | 153.11 | OK | |||
r-devel-linux-x86_64-fedora-gcc | 1.6 | 160.17 | OK | |||
r-devel-windows-x86_64 | 1.6 | 9.00 | 126.00 | 135.00 | OK | |
r-patched-linux-x86_64 | 1.6 | 7.65 | 84.88 | 92.53 | OK | |
r-release-linux-x86_64 | OK | |||||
r-release-macos-arm64 | 1.6 | 57.00 | OK | |||
r-release-macos-x86_64 | 1.6 | 139.00 | OK | |||
r-release-windows-x86_64 | 1.6 | 10.00 | 127.00 | 137.00 | OK | |
r-oldrel-macos-arm64 | 1.6 | 53.00 | OK | |||
r-oldrel-macos-x86_64 | 1.6 | 113.00 | OK | |||
r-oldrel-windows-x86_64 | 1.6 | 12.00 | 140.00 | 152.00 | OK |
Version: 1.6
Check: CRAN incoming feasibility
Result: NOTE
Maintainer: ‘Oscar Garcia <garcia@dasometrics.net>’
No Authors@R field in DESCRIPTION.
Please add one, modifying
Authors@R: person(given = "Oscar",
family = "Garcia",
role = c("aut", "cre"),
email = "https://orcid.org/0000-0002-8995-1341")
as necessary.
Package CITATION file contains call(s) to old-style personList() or
as.personList(). Please use c() on person objects instead.
Package CITATION file contains call(s) to old-style citEntry(). Please
use bibentry() instead.
Flavors: r-devel-linux-x86_64-debian-clang, r-devel-linux-x86_64-debian-gcc
These binaries (installable software) and packages are in development.
They may not be fully stable and should be used with caution. We make no claims about them.