Last updated on 2025-11-11 19:51:52 CET.
| Flavor | Version | Tinstall | Tcheck | Ttotal | Status | Flags |
|---|---|---|---|---|---|---|
| r-devel-linux-x86_64-debian-clang | 0.8.1 | 1.73 | 24.16 | 25.89 | NOTE | |
| r-devel-linux-x86_64-debian-gcc | 0.8.1 | 1.50 | 19.23 | 20.73 | NOTE | |
| r-devel-linux-x86_64-fedora-clang | 0.8.1 | 38.78 | NOTE | |||
| r-devel-linux-x86_64-fedora-gcc | 0.8.1 | 20.00 | 19.09 | 39.09 | NOTE | |
| r-devel-windows-x86_64 | 0.8.1 | 3.00 | 41.00 | 44.00 | NOTE | |
| r-patched-linux-x86_64 | 0.8.1 | 1.48 | 22.92 | 24.40 | NOTE | |
| r-release-linux-x86_64 | 0.8.1 | 1.83 | 22.78 | 24.61 | NOTE | |
| r-release-macos-arm64 | 0.8.1 | 1.00 | 19.00 | 20.00 | NOTE | |
| r-release-macos-x86_64 | 0.8.1 | 2.00 | 32.00 | 34.00 | NOTE | |
| r-release-windows-x86_64 | 0.8.1 | 4.00 | 48.00 | 52.00 | NOTE | |
| r-oldrel-macos-arm64 | 0.8.1 | 1.00 | 17.00 | 18.00 | NOTE | |
| r-oldrel-macos-x86_64 | 0.8.1 | 2.00 | 20.00 | 22.00 | NOTE | |
| r-oldrel-windows-x86_64 | 0.8.1 | 4.00 | 47.00 | 51.00 | NOTE |
Version: 0.8.1
Check: package subdirectories
Result: NOTE
Problems with news in ‘NEWS.md’:
No news entries found.
Flavors: r-devel-linux-x86_64-debian-clang, r-devel-linux-x86_64-debian-gcc, r-devel-linux-x86_64-fedora-clang, r-devel-linux-x86_64-fedora-gcc, r-devel-windows-x86_64, r-patched-linux-x86_64, r-release-linux-x86_64, r-release-macos-arm64, r-release-macos-x86_64, r-release-windows-x86_64, r-oldrel-macos-arm64, r-oldrel-macos-x86_64, r-oldrel-windows-x86_64
These binaries (installable software) and packages are in development.
They may not be fully stable and should be used with caution. We make no claims about them.