Last updated on 2025-10-25 11:48:47 CEST.
| Flavor | Version | Tinstall | Tcheck | Ttotal | Status | Flags |
|---|---|---|---|---|---|---|
| r-devel-linux-x86_64-debian-clang | 2.3-3 | 31.83 | 236.84 | 268.67 | NOTE | |
| r-devel-linux-x86_64-debian-gcc | 2.3-3 | 19.83 | 147.31 | 167.14 | NOTE | |
| r-devel-linux-x86_64-fedora-clang | 2.3-3 | 159.00 | 294.39 | 453.39 | OK | |
| r-devel-linux-x86_64-fedora-gcc | 2.3-3 | 140.00 | 299.07 | 439.07 | NOTE | |
| r-devel-windows-x86_64 | 2.3-3 | 29.00 | 188.00 | 217.00 | OK | |
| r-patched-linux-x86_64 | 2.3-3 | 33.16 | 224.19 | 257.35 | OK | |
| r-release-linux-x86_64 | 2.3-3 | 26.84 | 222.81 | 249.65 | OK | |
| r-release-macos-arm64 | 2.3-3 | 13.00 | 77.00 | 90.00 | OK | |
| r-release-macos-x86_64 | 2.3-3 | 28.00 | 183.00 | 211.00 | OK | |
| r-release-windows-x86_64 | 2.3-3 | 28.00 | 187.00 | 215.00 | OK | |
| r-oldrel-macos-arm64 | 2.3-3 | 12.00 | 73.00 | 85.00 | OK | |
| r-oldrel-macos-x86_64 | 2.3-3 | 18.00 | 116.00 | 134.00 | OK | |
| r-oldrel-windows-x86_64 | 2.3-3 | 40.00 | 259.00 | 299.00 | OK |
Version: 2.3-3
Check: CRAN incoming feasibility
Result: NOTE
Maintainer: ‘Jedrzej S. Bojanowski <jedrzej.bojanowski@gmail.com>’
No Authors@R field in DESCRIPTION.
Please add one, modifying
Authors@R: person(given = c("Jedrzej", "S."),
family = "Bojanowski",
role = c("aut", "cre"),
email = "jedrzej.bojanowski@gmail.com")
as necessary.
Flavors: r-devel-linux-x86_64-debian-clang, r-devel-linux-x86_64-debian-gcc
Version: 2.3-3
Check: Rd files
Result: NOTE
checkRd: (-1) Metdata.Rd:12-27: Only 4 columns allowed in this table (row 6 has 1)
Flavors: r-devel-linux-x86_64-debian-clang, r-devel-linux-x86_64-debian-gcc, r-devel-linux-x86_64-fedora-gcc
These binaries (installable software) and packages are in development.
They may not be fully stable and should be used with caution. We make no claims about them.