Last updated on 2025-10-23 23:49:45 CEST.
| Flavor | Version | Tinstall | Tcheck | Ttotal | Status | Flags |
|---|---|---|---|---|---|---|
| r-devel-linux-x86_64-debian-clang | 4.2-133 | 234.85 | 354.08 | 588.93 | OK | |
| r-devel-linux-x86_64-debian-gcc | 4.2-133 | 147.77 | 218.08 | 365.85 | OK | |
| r-devel-linux-x86_64-fedora-clang | 4.2-133 | 900.00 | 232.36 | 1132.36 | OK | |
| r-devel-linux-x86_64-fedora-gcc | 4.2-133 | 496.00 | 483.40 | 979.40 | OK | |
| r-devel-windows-x86_64 | 4.2-133 | 275.00 | 376.00 | 651.00 | OK | |
| r-patched-linux-x86_64 | 4.2-133 | 253.61 | 326.55 | 580.16 | OK | |
| r-release-linux-x86_64 | 4.2-133 | 244.06 | 327.68 | 571.74 | OK | |
| r-release-macos-arm64 | 4.2-133 | 89.00 | 161.00 | 250.00 | OK | |
| r-release-macos-x86_64 | 4.2-133 | 248.00 | 556.00 | 804.00 | OK | |
| r-release-windows-x86_64 | 4.2-133 | 271.00 | 365.00 | 636.00 | OK | |
| r-oldrel-macos-arm64 | 4.2-133 | 78.00 | 124.00 | 202.00 | NOTE | |
| r-oldrel-macos-x86_64 | 4.2-133 | 218.00 | 532.00 | 750.00 | NOTE | |
| r-oldrel-windows-x86_64 | 4.2-133 | 329.00 | 475.00 | 804.00 | NOTE |
Version: 4.2-133
Check: installed package size
Result: NOTE
installed size is 18.2Mb
sub-directories of 1Mb or more:
R 3.1Mb
data 4.9Mb
libs 9.1Mb
Flavors: r-oldrel-macos-arm64, r-oldrel-macos-x86_64, r-oldrel-windows-x86_64
These binaries (installable software) and packages are in development.
They may not be fully stable and should be used with caution. We make no claims about them.