Last updated on 2025-10-23 17:51:03 CEST.
| Flavor | Version | Tinstall | Tcheck | Ttotal | Status | Flags |
|---|---|---|---|---|---|---|
| r-devel-linux-x86_64-debian-clang | 0.3.3 | 72.39 | 119.86 | 192.25 | NOTE | |
| r-devel-linux-x86_64-debian-gcc | 0.3.3 | 57.06 | 81.65 | 138.71 | NOTE | |
| r-devel-linux-x86_64-fedora-clang | 0.3.3 | 352.00 | 5.30 | 357.30 | NOTE | |
| r-devel-linux-x86_64-fedora-gcc | 0.3.3 | 180.00 | 149.73 | 329.73 | NOTE | |
| r-devel-windows-x86_64 | 0.3.3 | 92.00 | 133.00 | 225.00 | NOTE | |
| r-patched-linux-x86_64 | 0.3.3 | 81.21 | 110.58 | 191.79 | NOTE | |
| r-release-linux-x86_64 | 0.3.3 | 79.88 | 112.36 | 192.24 | NOTE | |
| r-release-macos-arm64 | 0.3.3 | 35.00 | 48.00 | 83.00 | NOTE | |
| r-release-macos-x86_64 | 0.3.3 | 33.00 | 80.00 | 113.00 | NOTE | |
| r-release-windows-x86_64 | 0.3.3 | 95.00 | 137.00 | 232.00 | NOTE | |
| r-oldrel-macos-arm64 | 0.3.3 | 35.00 | 42.00 | 77.00 | NOTE | |
| r-oldrel-macos-x86_64 | 0.3.3 | 30.00 | 68.00 | 98.00 | NOTE | |
| r-oldrel-windows-x86_64 | 0.3.3 | 107.00 | 176.00 | 283.00 | NOTE |
Version: 0.3.3
Check: CRAN incoming feasibility
Result: NOTE
Maintainer: ‘Clement Benard <clement.benard5@gmail.com>’
No Authors@R field in DESCRIPTION.
Please add one, modifying
Authors@R: c(person(given = "Clement",
family = "Benard",
role = c("aut", "cre"),
email = "clement.benard5@gmail.com"),
person(given = c("Marvin", "N."),
family = "Wright",
role = c("ctb", "cph")))
as necessary.
Flavors: r-devel-linux-x86_64-debian-clang, r-devel-linux-x86_64-debian-gcc
Version: 0.3.3
Check: C++ specification
Result: NOTE
Specified C++11: please drop specification unless essential
Flavors: r-devel-linux-x86_64-debian-clang, r-devel-linux-x86_64-debian-gcc, r-devel-linux-x86_64-fedora-clang, r-devel-linux-x86_64-fedora-gcc, r-devel-windows-x86_64, r-patched-linux-x86_64, r-release-linux-x86_64, r-release-macos-arm64, r-release-macos-x86_64, r-release-windows-x86_64, r-oldrel-macos-arm64, r-oldrel-macos-x86_64, r-oldrel-windows-x86_64
Version: 0.3.3
Check: installed package size
Result: NOTE
installed size is 7.3Mb
sub-directories of 1Mb or more:
libs 7.0Mb
Flavors: r-oldrel-macos-arm64, r-oldrel-macos-x86_64
These binaries (installable software) and packages are in development.
They may not be fully stable and should be used with caution. We make no claims about them.