Last updated on 2025-02-16 08:51:00 CET.
Flavor | Version | Tinstall | Tcheck | Ttotal | Status | Flags |
---|---|---|---|---|---|---|
r-devel-linux-x86_64-debian-clang | 0.2.0 | 7.33 | 48.32 | 55.65 | OK | |
r-devel-linux-x86_64-debian-gcc | 0.2.0 | 4.58 | 35.33 | 39.91 | OK | |
r-devel-linux-x86_64-fedora-clang | 0.2.0 | 91.53 | NOTE | |||
r-devel-linux-x86_64-fedora-gcc | 0.2.0 | 82.75 | NOTE | |||
r-devel-macos-arm64 | 0.2.0 | 33.00 | OK | |||
r-devel-macos-x86_64 | 0.2.0 | 51.00 | OK | |||
r-devel-windows-x86_64 | 0.2.0 | 9.00 | 65.00 | 74.00 | OK | |
r-patched-linux-x86_64 | 0.2.0 | 5.60 | 45.61 | 51.21 | NOTE | |
r-release-linux-x86_64 | 0.2.0 | 5.88 | 45.68 | 51.56 | NOTE | |
r-release-macos-arm64 | 0.2.0 | 29.00 | NOTE | |||
r-release-macos-x86_64 | 0.2.0 | 49.00 | NOTE | |||
r-release-windows-x86_64 | 0.2.0 | 8.00 | 68.00 | 76.00 | NOTE | |
r-oldrel-macos-arm64 | 0.2.0 | 32.00 | NOTE | |||
r-oldrel-macos-x86_64 | 0.2.0 | 49.00 | NOTE | |||
r-oldrel-windows-x86_64 | 0.2.0 | 11.00 | 78.00 | 89.00 | NOTE |
Version: 0.2.0
Check: dependencies in R code
Result: NOTE
Namespace in Imports field not imported from: ‘stringi’
All declared Imports should be used.
Flavors: r-devel-linux-x86_64-fedora-clang, r-devel-linux-x86_64-fedora-gcc
Version: 0.2.0
Check: LazyData
Result: NOTE
'LazyData' is specified without a 'data' directory
Flavors: r-patched-linux-x86_64, r-release-linux-x86_64, r-release-macos-arm64, r-release-macos-x86_64, r-release-windows-x86_64, r-oldrel-macos-arm64, r-oldrel-macos-x86_64, r-oldrel-windows-x86_64
These binaries (installable software) and packages are in development.
They may not be fully stable and should be used with caution. We make no claims about them.