CRAN Package Check Results for Package siteymlgen

Last updated on 2025-11-13 01:50:34 CET.

Flavor Version Tinstall Tcheck Ttotal Status Flags
r-devel-linux-x86_64-debian-clang 1.0.0 2.04 27.69 29.73 OK
r-devel-linux-x86_64-debian-gcc 1.0.0 1.61 22.68 24.29 OK
r-devel-linux-x86_64-fedora-clang 1.0.0 15.00 33.01 48.01 NOTE
r-devel-linux-x86_64-fedora-gcc 1.0.0 11.00 50.02 61.02 NOTE
r-devel-windows-x86_64 1.0.0 6.00 46.00 52.00 OK
r-patched-linux-x86_64 1.0.0 1.74 25.25 26.99 OK
r-release-linux-x86_64 1.0.0 1.96 25.26 27.22 OK
r-release-macos-arm64 1.0.0 1.00 25.00 26.00 OK
r-release-macos-x86_64 1.0.0 2.00 39.00 41.00 OK
r-release-windows-x86_64 1.0.0 6.00 47.00 53.00 OK
r-oldrel-macos-arm64 1.0.0 1.00 24.00 25.00 NOTE
r-oldrel-macos-x86_64 1.0.0 2.00 35.00 37.00 NOTE
r-oldrel-windows-x86_64 1.0.0 6.00 54.00 60.00 NOTE

Check Details

Version: 1.0.0
Check: dependencies in R code
Result: NOTE Namespaces in Imports field not imported from: ‘data.table’ ‘dplyr’ ‘rmarkdown’ ‘yaml’ All declared Imports should be used. Flavors: r-devel-linux-x86_64-fedora-clang, r-devel-linux-x86_64-fedora-gcc

Version: 1.0.0
Check: LazyData
Result: NOTE 'LazyData' is specified without a 'data' directory Flavors: r-oldrel-macos-arm64, r-oldrel-macos-x86_64, r-oldrel-windows-x86_64

These binaries (installable software) and packages are in development.
They may not be fully stable and should be used with caution. We make no claims about them.