Last updated on 2025-05-03 22:50:10 CEST.
Flavor | Version | Tinstall | Tcheck | Ttotal | Status | Flags |
---|---|---|---|---|---|---|
r-devel-linux-x86_64-debian-clang | 0.0-9 | 6.08 | 55.62 | 61.70 | NOTE | |
r-devel-linux-x86_64-debian-gcc | 0.0-9 | 4.04 | 38.09 | 42.13 | OK | |
r-devel-linux-x86_64-fedora-clang | 0.0-9 | 82.52 | OK | |||
r-devel-linux-x86_64-fedora-gcc | 0.0-9 | 82.60 | OK | |||
r-devel-windows-x86_64 | 0.0-9 | 8.00 | 73.00 | 81.00 | OK | |
r-patched-linux-x86_64 | 0.0-9 | 6.07 | 48.00 | 54.07 | OK | |
r-release-linux-x86_64 | OK | |||||
r-release-macos-arm64 | 0.0-9 | 29.00 | OK | |||
r-release-macos-x86_64 | 0.0-9 | 42.00 | OK | |||
r-release-windows-x86_64 | 0.0-9 | 8.00 | 67.00 | 75.00 | OK | |
r-oldrel-macos-arm64 | 0.0-9 | 31.00 | OK | |||
r-oldrel-macos-x86_64 | 0.0-9 | 60.00 | OK | |||
r-oldrel-windows-x86_64 | 0.0-9 | 9.00 | 76.00 | 85.00 | OK |
Version: 0.0-9
Check: examples
Result: NOTE
Examples with CPU time > 2.5 times elapsed time
user system elapsed ratio
biomass.sitree 3.239 0.104 1.319 2.534
Flavor: r-devel-linux-x86_64-debian-clang
These binaries (installable software) and packages are in development.
They may not be fully stable and should be used with caution. We make no claims about them.