Last updated on 2025-10-23 11:50:28 CEST.
Flavor | Version | Tinstall | Tcheck | Ttotal | Status | Flags |
---|---|---|---|---|---|---|
r-devel-linux-x86_64-debian-clang | 1.5.3-2 | 182.30 | 241.27 | 423.57 | NOTE | |
r-devel-linux-x86_64-debian-gcc | 1.5.3-2 | 112.05 | 161.42 | 273.47 | OK | |
r-devel-linux-x86_64-fedora-clang | 1.5.3-2 | 840.00 | -57.04 | 782.96 | OK | |
r-devel-linux-x86_64-fedora-gcc | 1.5.3-2 | 380.00 | 303.56 | 683.56 | OK | |
r-devel-windows-x86_64 | 1.5.3-2 | 196.00 | 251.00 | 447.00 | OK | |
r-patched-linux-x86_64 | 1.5.3-2 | 175.56 | 227.53 | 403.09 | OK | |
r-release-linux-x86_64 | 1.5.3-2 | 177.02 | 230.70 | 407.72 | OK | |
r-release-macos-arm64 | 1.5.3-2 | 69.00 | 75.00 | 144.00 | OK | |
r-release-macos-x86_64 | 1.5.3-2 | 84.00 | 171.00 | 255.00 | OK | |
r-release-windows-x86_64 | 1.5.3-2 | 185.00 | 248.00 | 433.00 | OK | |
r-oldrel-macos-arm64 | 1.5.3-2 | 60.00 | 76.00 | 136.00 | NOTE | |
r-oldrel-macos-x86_64 | 1.5.3-2 | 84.00 | 165.00 | 249.00 | NOTE | |
r-oldrel-windows-x86_64 | 1.5.3-2 | 237.00 | 316.00 | 553.00 | WARN |
Version: 1.5.3-2
Check: HTML version of manual
Result: NOTE
Found the following HTML validation problems:
sits_labels-set-.class_cube.html:53:1 (sits_labels-set-.class_cube.Rd:14): Warning: missing </ul> before </div>
sits_labels-set-.default.html:53:1 (sits_labels-set-.default.Rd:14): Warning: missing </ul> before </div>
sits_labels-set-.probs_cube.html:53:1 (sits_labels-set-.probs_cube.Rd:14): Warning: missing </ul> before </div>
sits_labels-set-.sits.html:53:1 (sits_labels-set-.sits.Rd:14): Warning: missing </ul> before </div>
Flavor: r-devel-linux-x86_64-debian-clang
Version: 1.5.3-2
Check: installed package size
Result: NOTE
installed size is 12.9Mb
sub-directories of 1Mb or more:
R 2.1Mb
extdata 1.0Mb
libs 8.9Mb
Flavors: r-oldrel-macos-arm64, r-oldrel-macos-x86_64
Version: 1.5.3-2
Check: whether package can be installed
Result: WARN
Found the following significant warnings:
Warning: Torch libraries are installed but loading them caused a segfault.
See 'd:/Rcompile/CRANpkg/local/4.4/sits.Rcheck/00install.out' for details.
* used C++ compiler: 'g++.exe (GCC) 13.3.0'
Flavor: r-oldrel-windows-x86_64
Version: 1.5.3-2
Check: dependencies in R code
Result: NOTE
Warning: Torch libraries are installed but loading them caused a segfault.
Please reinstall torch with `install_torch(reinstall = TRUE)`
You can disable this check by setting `TORCH_VERIFY_LOAD` to "FALSE"
! callr subprocess failed: could not start R, exited with non-zero status, has
crashed or was killed
Flavor: r-oldrel-windows-x86_64
Version: 1.5.3-2
Check: S3 generic/method consistency
Result: WARN
Warning: Torch libraries are installed but loading them caused a segfault.
Please reinstall torch with `install_torch(reinstall = TRUE)`
You can disable this check by setting `TORCH_VERIFY_LOAD` to "FALSE"
! callr subprocess failed: could not start R, exited with non-zero status, has
crashed or was killed
See section 'Generic functions and methods' in the 'Writing R
Extensions' manual.
Flavor: r-oldrel-windows-x86_64
Version: 1.5.3-2
Check: foreign function calls
Result: NOTE
Warning: Torch libraries are installed but loading them caused a segfault.
Please reinstall torch with `install_torch(reinstall = TRUE)`
You can disable this check by setting `TORCH_VERIFY_LOAD` to "FALSE"
! callr subprocess failed: could not start R, exited with non-zero status, has
crashed or was killed
See chapter 'System and foreign language interfaces' in the 'Writing R
Extensions' manual.
Flavor: r-oldrel-windows-x86_64
Version: 1.5.3-2
Check: R code for possible problems
Result: NOTE
Warning: Torch libraries are installed but loading them caused a segfault.
Please reinstall torch with `install_torch(reinstall = TRUE)`
You can disable this check by setting `TORCH_VERIFY_LOAD` to "FALSE"
! callr subprocess failed: could not start R, exited with non-zero status, has
crashed or was killed
Flavor: r-oldrel-windows-x86_64
Version: 1.5.3-2
Check: for code/documentation mismatches
Result: WARN
Warning: Torch libraries are installed but loading them caused a segfault.
Please reinstall torch with `install_torch(reinstall = TRUE)`
You can disable this check by setting `TORCH_VERIFY_LOAD` to "FALSE"
! callr subprocess failed: could not start R, exited with non-zero status, has
crashed or was killed
Flavor: r-oldrel-windows-x86_64
Version: 1.5.3-2
Check: Rd \usage sections
Result: NOTE
Warning: Torch libraries are installed but loading them caused a segfault.
Please reinstall torch with `install_torch(reinstall = TRUE)`
You can disable this check by setting `TORCH_VERIFY_LOAD` to "FALSE"
! callr subprocess failed: could not start R, exited with non-zero status, has
crashed or was killed
The \usage entries for S3 methods should use the \method markup and not
their full name.
See chapter 'Writing R documentation files' in the 'Writing R
Extensions' manual.
Flavor: r-oldrel-windows-x86_64
These binaries (installable software) and packages are in development.
They may not be fully stable and should be used with caution. We make no claims about them.