CRAN Package Check Results for Package sixtyfour

Last updated on 2025-05-08 04:52:19 CEST.

Flavor Version Tinstall Tcheck Ttotal Status Flags
r-devel-linux-x86_64-debian-clang 0.2.0 10.42 98.66 109.08 NOTE
r-devel-linux-x86_64-debian-gcc 0.2.0 7.44 73.17 80.61 NOTE
r-devel-linux-x86_64-fedora-clang 0.2.0 179.69 OK
r-devel-linux-x86_64-fedora-gcc 0.2.0 174.63 OK
r-devel-windows-x86_64 0.2.0 13.00 271.00 284.00 OK
r-patched-linux-x86_64 0.2.0 11.86 94.00 105.86 OK
r-release-linux-x86_64 0.2.0 9.40 94.87 104.27 OK
r-release-macos-arm64 0.2.0 65.00 OK
r-release-macos-x86_64 0.2.0 128.00 OK
r-release-windows-x86_64 0.2.0 13.00 271.00 284.00 OK
r-oldrel-macos-arm64 0.2.0 78.00 OK
r-oldrel-macos-x86_64 0.2.0 107.00 OK
r-oldrel-windows-x86_64 0.2.0 16.00 292.00 308.00 OK

Check Details

Version: 0.2.0
Check: DESCRIPTION meta-information
Result: NOTE Author field differs from that derived from Authors@R Author: ‘Sean Kross [aut], Scott Chamberlain [aut, cre] (<https://orcid.org/0000-0003-1444-9135>), Fred Hutchinson Cancer Center [fnd] (007ps6h72)’ Authors@R: ‘Sean Kross [aut], Scott Chamberlain [aut, cre] (ORCID: <https://orcid.org/0000-0003-1444-9135>), Fred Hutchinson Cancer Center [fnd] (ROR: <https://ror.org/007ps6h72>)’ Flavors: r-devel-linux-x86_64-debian-clang, r-devel-linux-x86_64-debian-gcc

These binaries (installable software) and packages are in development.
They may not be fully stable and should be used with caution. We make no claims about them.