CRAN Package Check Results for Package sjdbc

Last updated on 2025-10-23 21:51:41 CEST.

Flavor Version Tinstall Tcheck Ttotal Status Flags
r-devel-linux-x86_64-debian-clang 1.6.1 3.38 33.62 37.00 NOTE
r-devel-linux-x86_64-debian-gcc 1.6.1 2.29 25.07 27.36 NOTE
r-devel-linux-x86_64-fedora-clang 1.6.1 14.00 43.22 57.22 OK
r-devel-linux-x86_64-fedora-gcc 1.6.1 54.29 OK
r-devel-windows-x86_64 1.6.1 4.00 51.00 55.00 OK
r-patched-linux-x86_64 1.6.1 3.47 31.97 35.44 OK
r-release-linux-x86_64 1.6.1 2.63 31.62 34.25 OK
r-release-macos-arm64 1.6.1 2.00 21.00 23.00 OK
r-release-macos-x86_64 1.6.1 3.00 34.00 37.00 OK
r-release-windows-x86_64 1.6.1 4.00 56.00 60.00 OK
r-oldrel-macos-arm64 1.6.1 2.00 21.00 23.00 OK
r-oldrel-macos-x86_64 1.6.1 2.00 28.00 30.00 OK
r-oldrel-windows-x86_64 1.6.1 4.00 51.00 55.00 OK

Check Details

Version: 1.6.1
Check: CRAN incoming feasibility
Result: NOTE Maintainer: ‘Joe Roberts <jorobert@tibco.com>’ No Authors@R field in DESCRIPTION. Please add one, modifying Authors@R: c(person(given = c("TIBCO", "Software"), family = "Inc.", role = "aut"), person(given = "Joe", family = "Roberts", role = "cre", email = "jorobert@tibco.com")) as necessary. Flavors: r-devel-linux-x86_64-debian-clang, r-devel-linux-x86_64-debian-gcc

These binaries (installable software) and packages are in development.
They may not be fully stable and should be used with caution. We make no claims about them.