CRAN Package Check Results for Package sjmisc

Last updated on 2025-05-21 23:48:57 CEST.

Flavor Version Tinstall Tcheck Ttotal Status Flags
r-devel-linux-x86_64-debian-clang 2.8.10 7.68 96.31 103.99 NOTE
r-devel-linux-x86_64-debian-gcc 2.8.10 5.51 70.07 75.58 NOTE
r-devel-linux-x86_64-fedora-clang 2.8.10 156.98 OK
r-devel-linux-x86_64-fedora-gcc 2.8.10 169.46 OK
r-devel-windows-x86_64 2.8.10 9.00 136.00 145.00 NOTE
r-patched-linux-x86_64 2.8.10 8.13 90.14 98.27 NOTE
r-release-linux-x86_64 2.8.10 7.77 92.05 99.82 NOTE
r-release-macos-arm64 2.8.10 56.00 OK
r-release-macos-x86_64 2.8.10 100.00 OK
r-release-windows-x86_64 2.8.10 9.00 123.00 132.00 NOTE
r-oldrel-macos-arm64 2.8.10 68.00 OK
r-oldrel-macos-x86_64 2.8.10 77.00 OK
r-oldrel-windows-x86_64 2.8.10 12.00 145.00 157.00 OK

Check Details

Version: 2.8.10
Check: Rd cross-references
Result: NOTE Found the following Rd file(s) with Rd \link{} targets missing package anchors: to_value.Rd: set_labels Please provide package anchors for all Rd \link{} targets not in the package itself and the base packages. Flavors: r-devel-linux-x86_64-debian-clang, r-devel-linux-x86_64-debian-gcc, r-devel-windows-x86_64, r-patched-linux-x86_64, r-release-linux-x86_64, r-release-windows-x86_64

These binaries (installable software) and packages are in development.
They may not be fully stable and should be used with caution. We make no claims about them.