Last updated on 2024-07-27 15:50:34 CEST.
Flavor | Version | Tinstall | Tcheck | Ttotal | Status | Flags |
---|---|---|---|---|---|---|
r-devel-linux-x86_64-debian-clang | 0.19.0 | 7.71 | 96.17 | 103.88 | OK | |
r-devel-linux-x86_64-debian-gcc | 0.19.0 | OK | ||||
r-devel-linux-x86_64-fedora-clang | 0.19.0 | 125.51 | NOTE | |||
r-devel-linux-x86_64-fedora-gcc | 0.19.0 | 112.81 | OK | |||
r-devel-windows-x86_64 | 0.19.0 | 6.00 | 97.00 | 103.00 | OK | |
r-patched-linux-x86_64 | 0.19.0 | OK | ||||
r-release-linux-x86_64 | 0.19.0 | 4.52 | 91.50 | 96.02 | OK | |
r-release-macos-arm64 | 0.19.0 | 34.00 | OK | |||
r-release-macos-x86_64 | 0.19.0 | 51.00 | OK | |||
r-release-windows-x86_64 | 0.19.0 | 6.00 | 97.00 | 103.00 | OK | |
r-oldrel-macos-arm64 | 0.19.0 | 34.00 | OK | |||
r-oldrel-macos-x86_64 | 0.19.0 | 66.00 | OK | |||
r-oldrel-windows-x86_64 | 0.19.0 | 8.00 | 111.00 | 119.00 | OK |
Version: 0.19.0
Check: Rd cross-references
Result: NOTE
Undeclared package ‘modelr’ in Rd xrefs
Flavor: r-devel-linux-x86_64-fedora-clang
These binaries (installable software) and packages are in development.
They may not be fully stable and should be used with caution. We make no claims about them.