CRAN Package Check Results for Package sjtable2df

Last updated on 2025-02-16 08:51:01 CET.

Flavor Version Tinstall Tcheck Ttotal Status Flags
r-devel-linux-x86_64-debian-clang 0.0.3 2.47 48.04 50.51 OK
r-devel-linux-x86_64-debian-gcc 0.0.3 1.77 35.79 37.56 OK
r-devel-linux-x86_64-fedora-clang 0.0.3 81.29 OK
r-devel-linux-x86_64-fedora-gcc 0.0.3 99.45 OK
r-devel-macos-arm64 0.0.3 42.00 OK
r-devel-macos-x86_64 0.0.3 65.00 OK
r-devel-windows-x86_64 0.0.3 6.00 66.00 72.00 OK
r-patched-linux-x86_64 0.0.3 1.97 44.39 46.36 OK
r-release-linux-x86_64 0.0.3 2.35 45.05 47.40 OK
r-release-macos-arm64 0.0.3 35.00 OK
r-release-macos-x86_64 0.0.3 58.00 OK
r-release-windows-x86_64 0.0.3 5.00 66.00 71.00 OK
r-oldrel-macos-arm64 0.0.3 33.00 OK
r-oldrel-macos-x86_64 0.0.3 106.00 OK
r-oldrel-windows-x86_64 0.0.3 5.00 72.00 77.00 ERROR

Check Details

Version: 0.0.3
Check: tests
Result: ERROR Running 'testthat.R' [10s] Running the tests in 'tests/testthat.R' failed. Complete output: > library(testthat) > library(sjtable2df) > > test_check("sjtable2df") boundary (singular) fit: see help('isSingular') boundary (singular) fit: see help('isSingular') boundary (singular) fit: see help('isSingular') boundary (singular) fit: see help('isSingular') [ FAIL 1 | WARN 5 | SKIP 5 | PASS 18 ] ══ Skipped tests (5) ═══════════════════════════════════════════════════════════ • On CRAN (5): 'test-mtab2df.R:48:5', 'test-mtab2df.R:136:5', 'test-xtab2df.R:36:5', 'test-xtab2df.R:206:5', 'test-xtab2df.R:253:5' ══ Failed tests ════════════════════════════════════════════════════════════════ ── Failure ('test-mtab2df.R:134:5'): correct functioning of mtab2df: glmer ───── nrow(final_tab) == 10 is not TRUE `actual`: FALSE `expected`: TRUE [ FAIL 1 | WARN 5 | SKIP 5 | PASS 18 ] Error: Test failures Execution halted Flavor: r-oldrel-windows-x86_64

These binaries (installable software) and packages are in development.
They may not be fully stable and should be used with caution. We make no claims about them.