CRAN Package Check Results for Package sketch

Last updated on 2025-05-01 12:49:41 CEST.

Flavor Version Tinstall Tcheck Ttotal Status Flags
r-devel-linux-x86_64-debian-clang 1.1.20.3 6.04 53.01 59.05 NOTE
r-devel-linux-x86_64-debian-gcc 1.1.20.3 4.24 38.87 43.11 NOTE
r-devel-linux-x86_64-fedora-clang 1.1.20.3 91.05 NOTE
r-devel-linux-x86_64-fedora-gcc 1.1.20.3 98.40 NOTE
r-devel-windows-x86_64 1.1.20.3 9.00 88.00 97.00 NOTE
r-patched-linux-x86_64 1.1.20.3 6.94 49.17 56.11 NOTE
r-release-linux-x86_64 NOTE
r-release-macos-arm64 1.1.20.3 74.00 NOTE
r-release-macos-x86_64 1.1.20.3 69.00 NOTE
r-release-windows-x86_64 1.1.20.3 9.00 91.00 100.00 NOTE
r-oldrel-macos-arm64 1.1.20.3 38.00 OK
r-oldrel-macos-x86_64 1.1.20.3 54.00 OK
r-oldrel-windows-x86_64 1.1.20.3 10.00 93.00 103.00 OK

Check Details

Version: 1.1.20.3
Check: CRAN incoming feasibility
Result: NOTE Maintainer: ‘Chun Fung Kwok <jkwok@svi.edu.au>’ The BugReports field in DESCRIPTION has https://github.com/kcf-jackson/sketch which should likely be https://github.com/kcf-jackson/sketch/issues instead. Flavors: r-devel-linux-x86_64-debian-clang, r-devel-linux-x86_64-debian-gcc

Version: 1.1.20.3
Check: DESCRIPTION meta-information
Result: NOTE Missing dependency on R >= 4.1.0 because package code uses the pipe |> or function shorthand \(...) syntax added in R 4.1.0. File(s) using such syntax: ‘ext-annotate_expr.R’ Flavors: r-devel-linux-x86_64-debian-clang, r-devel-linux-x86_64-debian-gcc, r-devel-linux-x86_64-fedora-clang, r-devel-linux-x86_64-fedora-gcc, r-devel-windows-x86_64, r-patched-linux-x86_64, r-release-linux-x86_64, r-release-macos-arm64, r-release-macos-x86_64, r-release-windows-x86_64

These binaries (installable software) and packages are in development.
They may not be fully stable and should be used with caution. We make no claims about them.