CRAN Package Check Results for Package sketcher

Last updated on 2025-07-26 01:51:05 CEST.

Flavor Version Tinstall Tcheck Ttotal Status Flags
r-devel-linux-x86_64-debian-clang 0.1.3 4.83 31.93 36.76 OK
r-devel-linux-x86_64-debian-gcc 0.1.3 3.18 24.47 27.65 OK
r-devel-linux-x86_64-fedora-clang 0.1.3 55.92 NOTE
r-devel-linux-x86_64-fedora-gcc 0.1.3 54.63 NOTE
r-devel-windows-x86_64 0.1.3 7.00 49.00 56.00 OK
r-patched-linux-x86_64 0.1.3 4.60 29.82 34.42 OK
r-release-linux-x86_64 0.1.3 4.27 30.51 34.78 OK
r-release-macos-arm64 0.1.3 24.00 OK
r-release-macos-x86_64 0.1.3 41.00 OK
r-release-windows-x86_64 0.1.3 7.00 53.00 60.00 OK
r-oldrel-macos-arm64 0.1.3 22.00 OK
r-oldrel-macos-x86_64 0.1.3 34.00 OK
r-oldrel-windows-x86_64 0.1.3 9.00 59.00 68.00 OK

Check Details

Version: 0.1.3
Check: dependencies in R code
Result: NOTE Namespaces in Imports field not imported from: ‘dplyr’ ‘methods’ All declared Imports should be used. Flavors: r-devel-linux-x86_64-fedora-clang, r-devel-linux-x86_64-fedora-gcc

These binaries (installable software) and packages are in development.
They may not be fully stable and should be used with caution. We make no claims about them.