Last updated on 2025-05-22 21:51:41 CEST.
Flavor | Version | Tinstall | Tcheck | Ttotal | Status | Flags |
---|---|---|---|---|---|---|
r-devel-linux-x86_64-debian-clang | 0.1.3 | 5.08 | 31.43 | 36.51 | OK | |
r-devel-linux-x86_64-debian-gcc | 0.1.3 | 3.45 | 24.95 | 28.40 | OK | |
r-devel-linux-x86_64-fedora-clang | 0.1.3 | 57.28 | NOTE | |||
r-devel-linux-x86_64-fedora-gcc | 0.1.3 | 54.07 | NOTE | |||
r-devel-windows-x86_64 | 0.1.3 | 8.00 | 66.00 | 74.00 | OK | |
r-patched-linux-x86_64 | 0.1.3 | 4.30 | 30.79 | 35.09 | OK | |
r-release-linux-x86_64 | 0.1.3 | 4.51 | 30.36 | 34.87 | OK | |
r-release-macos-arm64 | 0.1.3 | 24.00 | OK | |||
r-release-macos-x86_64 | 0.1.3 | 41.00 | OK | |||
r-release-windows-x86_64 | 0.1.3 | 6.00 | 52.00 | 58.00 | OK | |
r-oldrel-macos-arm64 | 0.1.3 | 22.00 | OK | |||
r-oldrel-macos-x86_64 | 0.1.3 | 34.00 | OK | |||
r-oldrel-windows-x86_64 | 0.1.3 | 8.00 | 58.00 | 66.00 | OK |
Version: 0.1.3
Check: dependencies in R code
Result: NOTE
Namespaces in Imports field not imported from:
‘dplyr’ ‘methods’
All declared Imports should be used.
Flavors: r-devel-linux-x86_64-fedora-clang, r-devel-linux-x86_64-fedora-gcc
These binaries (installable software) and packages are in development.
They may not be fully stable and should be used with caution. We make no claims about them.