CRAN Package Check Results for Package skimr

Last updated on 2025-05-24 11:54:13 CEST.

Flavor Version Tinstall Tcheck Ttotal Status Flags
r-devel-linux-x86_64-debian-clang 2.1.5 5.77 79.37 85.14 NOTE
r-devel-linux-x86_64-debian-gcc 2.1.5 3.95 59.72 63.67 NOTE
r-devel-linux-x86_64-fedora-clang 2.1.5 129.86 OK
r-devel-linux-x86_64-fedora-gcc 2.1.5 154.36 OK
r-devel-windows-x86_64 2.1.5 7.00 96.00 103.00 NOTE
r-patched-linux-x86_64 2.1.5 5.79 75.54 81.33 NOTE
r-release-linux-x86_64 2.1.5 5.53 73.20 78.73 NOTE
r-release-macos-arm64 2.1.5 51.00 OK
r-release-macos-x86_64 2.1.5 90.00 OK
r-release-windows-x86_64 2.1.5 7.00 126.00 133.00 NOTE
r-oldrel-macos-arm64 2.1.5 53.00 OK
r-oldrel-macos-x86_64 2.1.5 80.00 OK
r-oldrel-windows-x86_64 2.1.5 10.00 113.00 123.00 OK

Check Details

Version: 2.1.5
Check: Rd cross-references
Result: NOTE Found the following Rd file(s) with Rd \link{} targets missing package anchors: knit_print.Rd: collapse print.Rd: tbl_format_setup Please provide package anchors for all Rd \link{} targets not in the package itself and the base packages. Flavors: r-devel-linux-x86_64-debian-clang, r-devel-linux-x86_64-debian-gcc, r-devel-windows-x86_64, r-patched-linux-x86_64, r-release-linux-x86_64, r-release-windows-x86_64

These binaries (installable software) and packages are in development.
They may not be fully stable and should be used with caution. We make no claims about them.