CRAN Package Check Results for Package sklarsomega

Last updated on 2025-02-16 08:51:01 CET.

Flavor Version Tinstall Tcheck Ttotal Status Flags
r-devel-linux-x86_64-debian-clang 3.0-2 12.58 96.39 108.97 NOTE
r-devel-linux-x86_64-debian-gcc 3.0-2 7.83 71.51 79.34 NOTE
r-devel-linux-x86_64-fedora-clang 3.0-2 173.20 OK
r-devel-linux-x86_64-fedora-gcc 3.0-2 164.27 OK
r-devel-macos-arm64 3.0-2 56.00 OK
r-devel-macos-x86_64 3.0-2 111.00 OK
r-devel-windows-x86_64 3.0-2 16.00 111.00 127.00 NOTE
r-patched-linux-x86_64 3.0-2 15.58 88.46 104.04 OK
r-release-linux-x86_64 3.0-2 10.65 89.43 100.08 OK
r-release-macos-arm64 3.0-2 47.00 OK
r-release-macos-x86_64 3.0-2 84.00 OK
r-release-windows-x86_64 3.0-2 17.00 114.00 131.00 OK
r-oldrel-macos-arm64 3.0-2 53.00 OK
r-oldrel-macos-x86_64 3.0-2 83.00 OK
r-oldrel-windows-x86_64 3.0-2 21.00 123.00 144.00 OK

Check Details

Version: 3.0-2
Check: Rd cross-references
Result: NOTE Found the following Rd file(s) with Rd \link{} targets missing package anchors: sklars.omega.Rd: hjkb Please provide package anchors for all Rd \link{} targets not in the package itself and the base packages. Flavors: r-devel-linux-x86_64-debian-clang, r-devel-linux-x86_64-debian-gcc, r-devel-windows-x86_64

These binaries (installable software) and packages are in development.
They may not be fully stable and should be used with caution. We make no claims about them.