Last updated on 2025-10-09 17:50:52 CEST.
Flavor | Version | Tinstall | Tcheck | Ttotal | Status | Flags |
---|---|---|---|---|---|---|
r-devel-linux-x86_64-debian-clang | 1.9.2 | 219.47 | 97.32 | 316.79 | OK | |
r-devel-linux-x86_64-debian-gcc | 1.9.2 | 177.41 | 84.24 | 261.65 | OK | |
r-devel-linux-x86_64-fedora-clang | 1.9.2 | 557.38 | OK | |||
r-devel-linux-x86_64-fedora-gcc | 1.9.2 | 611.38 | OK | |||
r-devel-windows-x86_64 | 1.9.2 | 228.00 | 161.00 | 389.00 | OK | |
r-patched-linux-x86_64 | 1.9.2 | 236.26 | 122.66 | 358.92 | OK | |
r-release-linux-x86_64 | 1.9.2 | 233.51 | 120.86 | 354.37 | OK | |
r-release-macos-arm64 | 1.9.2 | 130.00 | OK | |||
r-release-macos-x86_64 | 1.9.2 | 173.00 | OK | |||
r-release-windows-x86_64 | 1.9.2 | 220.00 | 159.00 | 379.00 | OK | |
r-oldrel-macos-arm64 | 1.9.2 | 136.00 | NOTE | |||
r-oldrel-macos-x86_64 | 1.9.2 | 177.00 | NOTE | |||
r-oldrel-windows-x86_64 | 1.9.2 | 269.00 | 180.00 | 449.00 | OK |
Version: 1.9.2
Check: installed package size
Result: NOTE
installed size is 41.4Mb
sub-directories of 1Mb or more:
libs 40.6Mb
Flavors: r-oldrel-macos-arm64, r-oldrel-macos-x86_64
These binaries (installable software) and packages are in development.
They may not be fully stable and should be used with caution. We make no claims about them.