Last updated on 2025-02-16 08:51:01 CET.
Flavor | Version | Tinstall | Tcheck | Ttotal | Status | Flags |
---|---|---|---|---|---|---|
r-devel-linux-x86_64-debian-clang | 1.7.1 | 153.40 | 89.37 | 242.77 | NOTE | |
r-devel-linux-x86_64-debian-gcc | 1.7.1 | 128.81 | 72.48 | 201.29 | NOTE | |
r-devel-linux-x86_64-fedora-clang | 1.7.1 | 399.68 | NOTE | |||
r-devel-linux-x86_64-fedora-gcc | 1.7.1 | 492.98 | NOTE | |||
r-devel-macos-arm64 | 1.7.1 | 89.00 | OK | |||
r-devel-macos-x86_64 | 1.7.1 | 137.00 | NOTE | |||
r-devel-windows-x86_64 | 1.7.1 | 145.00 | 142.00 | 287.00 | NOTE | |
r-patched-linux-x86_64 | 1.7.1 | 164.50 | 101.90 | 266.40 | OK | |
r-release-linux-x86_64 | 1.7.1 | 156.99 | 101.94 | 258.93 | OK | |
r-release-macos-arm64 | 1.7.1 | 91.00 | NOTE | |||
r-release-macos-x86_64 | 1.7.1 | 113.00 | NOTE | |||
r-release-windows-x86_64 | 1.7.1 | 143.00 | 129.00 | 272.00 | OK | |
r-oldrel-macos-arm64 | 1.7.1 | 92.00 | NOTE | |||
r-oldrel-macos-x86_64 | 1.7.1 | 160.00 | NOTE | |||
r-oldrel-windows-x86_64 | 1.7.1 | 183.00 | 180.00 | 363.00 | OK |
Version: 1.7.1
Check: DESCRIPTION meta-information
Result: NOTE
Missing dependency on R >= 4.1.0 because package code uses the pipe
|> or function shorthand \(...) syntax added in R 4.1.0.
File(s) using such syntax:
‘add_ci_bounds_mc_power.R’ ‘calculate_gefficiency.R’
‘eval_design_custom_mc.R’ ‘eval_design_survival_mc.R’ ‘skprGUI.R’
Flavors: r-devel-linux-x86_64-debian-clang, r-devel-linux-x86_64-debian-gcc, r-devel-linux-x86_64-fedora-clang, r-devel-linux-x86_64-fedora-gcc, r-devel-macos-x86_64, r-devel-windows-x86_64
Version: 1.7.1
Check: installed package size
Result: NOTE
installed size is 38.2Mb
sub-directories of 1Mb or more:
libs 37.6Mb
Flavors: r-release-macos-arm64, r-release-macos-x86_64, r-oldrel-macos-arm64, r-oldrel-macos-x86_64
These binaries (installable software) and packages are in development.
They may not be fully stable and should be used with caution. We make no claims about them.