Last updated on 2025-02-16 08:51:01 CET.
Flavor | Version | Tinstall | Tcheck | Ttotal | Status | Flags |
---|---|---|---|---|---|---|
r-devel-linux-x86_64-debian-clang | 1.0.0 | 15.28 | 247.79 | 263.07 | OK | |
r-devel-linux-x86_64-debian-gcc | 1.0.0 | 8.45 | 157.34 | 165.79 | OK | |
r-devel-linux-x86_64-fedora-clang | 1.0.0 | 425.00 | NOTE | |||
r-devel-linux-x86_64-fedora-gcc | 1.0.0 | 415.43 | NOTE | |||
r-devel-macos-arm64 | 1.0.0 | 311.00 | OK | |||
r-devel-macos-x86_64 | 1.0.0 | 444.00 | OK | |||
r-devel-windows-x86_64 | 1.0.0 | 15.00 | 457.00 | 472.00 | OK | |
r-patched-linux-x86_64 | 1.0.0 | 15.59 | 233.05 | 248.64 | OK | |
r-release-linux-x86_64 | 1.0.0 | 14.58 | 230.22 | 244.80 | OK | |
r-release-macos-arm64 | 1.0.0 | 305.00 | OK | |||
r-release-macos-x86_64 | 1.0.0 | 386.00 | OK | |||
r-release-windows-x86_64 | 1.0.0 | 16.00 | 446.00 | 462.00 | OK | |
r-oldrel-macos-arm64 | 1.0.0 | 333.00 | OK | |||
r-oldrel-macos-x86_64 | 1.0.0 | 420.00 | OK | |||
r-oldrel-windows-x86_64 | 1.0.0 | 22.00 | 517.00 | 539.00 | OK |
Version: 1.0.0
Check: dependencies in R code
Result: NOTE
Namespaces in Imports field not imported from:
‘numDeriv’ ‘png’
All declared Imports should be used.
Flavors: r-devel-linux-x86_64-fedora-clang, r-devel-linux-x86_64-fedora-gcc
These binaries (installable software) and packages are in development.
They may not be fully stable and should be used with caution. We make no claims about them.