CRAN Package Check Results for Package slca

Last updated on 2025-05-21 21:49:31 CEST.

Flavor Version Tinstall Tcheck Ttotal Status Flags
r-devel-linux-x86_64-debian-clang 1.3.0 44.61 66.35 110.96 OK
r-devel-linux-x86_64-debian-gcc 1.3.0 30.95 46.25 77.20 OK
r-devel-linux-x86_64-fedora-clang 1.3.0 204.37 OK
r-devel-linux-x86_64-fedora-gcc 1.3.0 197.23 OK
r-devel-windows-x86_64 1.3.0 54.00 125.00 179.00 OK
r-patched-linux-x86_64 1.3.0 48.88 62.52 111.40 OK
r-release-linux-x86_64 1.3.0 40.94 62.40 103.34 OK
r-release-macos-arm64 1.3.0 54.00 OK
r-release-macos-x86_64 1.3.0 118.00 OK
r-release-windows-x86_64 1.3.0 52.00 130.00 182.00 OK
r-oldrel-macos-arm64 1.3.0 54.00 NOTE
r-oldrel-macos-x86_64 1.3.0 83.00 NOTE
r-oldrel-windows-x86_64 1.3.0 64.00 133.00 197.00 NOTE

Check Details

Version: 1.3.0
Check: installed package size
Result: NOTE installed size is 6.6Mb sub-directories of 1Mb or more: data 3.8Mb libs 2.2Mb Flavors: r-oldrel-macos-arm64, r-oldrel-macos-x86_64, r-oldrel-windows-x86_64

These binaries (installable software) and packages are in development.
They may not be fully stable and should be used with caution. We make no claims about them.