Last updated on 2025-11-13 03:51:18 CET.
| Flavor | Version | Tinstall | Tcheck | Ttotal | Status | Flags |
|---|---|---|---|---|---|---|
| r-devel-linux-x86_64-debian-clang | 0.1.1 | 30.44 | 26.92 | 57.36 | OK | |
| r-devel-linux-x86_64-debian-gcc | 0.1.1 | 19.56 | 22.07 | 41.63 | OK | |
| r-devel-linux-x86_64-fedora-clang | 0.1.1 | 76.00 | 18.64 | 94.64 | NOTE | |
| r-devel-linux-x86_64-fedora-gcc | 0.1.1 | 115.00 | -16.69 | 98.31 | NOTE | |
| r-devel-windows-x86_64 | 0.1.1 | 34.00 | 64.00 | 98.00 | OK | |
| r-patched-linux-x86_64 | 0.1.1 | 32.09 | 24.24 | 56.33 | OK | |
| r-release-linux-x86_64 | 0.1.1 | 27.68 | 24.14 | 51.82 | OK | |
| r-release-macos-arm64 | 0.1.1 | 11.00 | 16.00 | 27.00 | OK | |
| r-release-macos-x86_64 | 0.1.1 | 66.00 | 49.00 | 115.00 | OK | |
| r-release-windows-x86_64 | 0.1.1 | 34.00 | 62.00 | 96.00 | OK | |
| r-oldrel-macos-arm64 | 0.1.1 | 15.00 | 47.00 | 62.00 | OK | |
| r-oldrel-macos-x86_64 | 0.1.1 | 52.00 | 47.00 | 99.00 | OK | |
| r-oldrel-windows-x86_64 | 0.1.1 | 40.00 | 75.00 | 115.00 | OK |
Version: 0.1.1
Check: dependencies in R code
Result: NOTE
Namespace in Imports field not imported from: ‘edmdata’
All declared Imports should be used.
Flavors: r-devel-linux-x86_64-fedora-clang, r-devel-linux-x86_64-fedora-gcc
These binaries (installable software) and packages are in development.
They may not be fully stable and should be used with caution. We make no claims about them.