Last updated on 2025-07-22 07:49:53 CEST.
Flavor | Version | Tinstall | Tcheck | Ttotal | Status | Flags |
---|---|---|---|---|---|---|
r-devel-linux-x86_64-debian-clang | 1.1.4 | 94.31 | 38.90 | 133.21 | OK | |
r-devel-linux-x86_64-debian-gcc | 1.1.4 | 75.19 | 37.28 | 112.47 | OK | |
r-devel-linux-x86_64-fedora-clang | 1.1.4 | 227.41 | OK | |||
r-devel-linux-x86_64-fedora-gcc | 1.1.4 | 270.27 | OK | |||
r-devel-windows-x86_64 | 1.1.4 | 95.00 | 95.00 | 190.00 | OK | |
r-patched-linux-x86_64 | 1.1.4 | 104.77 | 47.08 | 151.85 | OK | |
r-release-linux-x86_64 | 1.1.4 | 102.55 | 46.87 | 149.42 | OK | |
r-release-macos-arm64 | 1.1.4 | 64.00 | OK | |||
r-release-macos-x86_64 | 1.1.4 | 151.00 | OK | |||
r-release-windows-x86_64 | 1.1.4 | 93.00 | 98.00 | 191.00 | OK | |
r-oldrel-macos-arm64 | 1.1.4 | 67.00 | NOTE | |||
r-oldrel-macos-x86_64 | 1.1.4 | 151.00 | NOTE | |||
r-oldrel-windows-x86_64 | 1.1.4 | 114.00 | 105.00 | 219.00 | OK |
Version: 1.1.4
Check: installed package size
Result: NOTE
installed size is 32.0Mb
sub-directories of 1Mb or more:
libs 31.3Mb
Flavors: r-oldrel-macos-arm64, r-oldrel-macos-x86_64
These binaries (installable software) and packages are in development.
They may not be fully stable and should be used with caution. We make no claims about them.