Last updated on 2025-05-01 08:52:46 CEST.
Flavor | Version | Tinstall | Tcheck | Ttotal | Status | Flags |
---|---|---|---|---|---|---|
r-devel-linux-x86_64-debian-clang | 1.1.2 | 93.74 | 40.04 | 133.78 | OK | |
r-devel-linux-x86_64-debian-gcc | 1.1.2 | 74.71 | 35.73 | 110.44 | OK | |
r-devel-linux-x86_64-fedora-clang | 1.1.2 | 269.51 | OK | |||
r-devel-linux-x86_64-fedora-gcc | 1.1.2 | 324.48 | OK | |||
r-devel-windows-x86_64 | 1.1.2 | 95.00 | 96.00 | 191.00 | OK | |
r-patched-linux-x86_64 | 1.1.2 | 107.07 | 46.37 | 153.44 | OK | |
r-release-linux-x86_64 | OK | |||||
r-release-macos-arm64 | 1.1.2 | 73.00 | OK | |||
r-release-macos-x86_64 | 1.1.2 | 147.00 | OK | |||
r-release-windows-x86_64 | 1.1.2 | 97.00 | 93.00 | 190.00 | OK | |
r-oldrel-macos-arm64 | 1.1.2 | 72.00 | NOTE | |||
r-oldrel-macos-x86_64 | 1.1.2 | 177.00 | NOTE | |||
r-oldrel-windows-x86_64 | 1.1.2 | 108.00 | 108.00 | 216.00 | OK |
Version: 1.1.2
Check: installed package size
Result: NOTE
installed size is 31.9Mb
sub-directories of 1Mb or more:
libs 31.3Mb
Flavors: r-oldrel-macos-arm64, r-oldrel-macos-x86_64
These binaries (installable software) and packages are in development.
They may not be fully stable and should be used with caution. We make no claims about them.