Last updated on 2025-10-23 11:50:28 CEST.
Flavor | Version | Tinstall | Tcheck | Ttotal | Status | Flags |
---|---|---|---|---|---|---|
r-devel-linux-x86_64-debian-clang | 1.2.0 | 17.18 | 265.70 | 282.88 | NOTE | |
r-devel-linux-x86_64-debian-gcc | 1.2.0 | 9.23 | 191.08 | 200.31 | OK | |
r-devel-linux-x86_64-fedora-clang | 1.2.0 | 95.00 | 324.78 | 419.78 | OK | |
r-devel-linux-x86_64-fedora-gcc | 1.2.0 | 46.00 | 385.60 | 431.60 | OK | |
r-devel-windows-x86_64 | 1.2.0 | 30.00 | 620.00 | 650.00 | OK | |
r-patched-linux-x86_64 | 1.2.0 | 14.52 | 249.03 | 263.55 | OK | |
r-release-linux-x86_64 | 1.2.0 | 17.04 | 245.60 | 262.64 | OK | |
r-release-macos-arm64 | 1.2.0 | 7.00 | 118.00 | 125.00 | OK | |
r-release-macos-x86_64 | 1.2.0 | 21.00 | 209.00 | 230.00 | OK | |
r-release-windows-x86_64 | 1.2.0 | 35.00 | 584.00 | 619.00 | OK | |
r-oldrel-macos-arm64 | 1.2.0 | 7.00 | 122.00 | 129.00 | OK | |
r-oldrel-macos-x86_64 | 1.2.0 | 24.00 | 230.00 | 254.00 | OK | |
r-oldrel-windows-x86_64 | 1.2.0 | 30.00 | 471.00 | 501.00 | OK |
Version: 1.2.0
Check: HTML version of manual
Result: NOTE
Found the following HTML validation problems:
ts_load.html:53:1 (ts_load.Rd:15): Warning: missing </ul> before </div>
ts_save.html:50:1 (ts_save.Rd:12): Warning: missing </ul> before </div>
Flavor: r-devel-linux-x86_64-debian-clang
These binaries (installable software) and packages are in development.
They may not be fully stable and should be used with caution. We make no claims about them.