Last updated on 2024-07-27 15:50:34 CEST.
Flavor | Version | Tinstall | Tcheck | Ttotal | Status | Flags |
---|---|---|---|---|---|---|
r-devel-linux-x86_64-debian-clang | 0.9.1 | 15.63 | 379.37 | 395.00 | OK | |
r-devel-linux-x86_64-debian-gcc | 0.9.1 | OK | ||||
r-devel-linux-x86_64-fedora-clang | 0.9.1 | 479.33 | NOTE | |||
r-devel-linux-x86_64-fedora-gcc | 0.9.1 | 473.62 | OK | |||
r-devel-windows-x86_64 | 0.9.1 | 34.00 | 555.00 | 589.00 | OK | |
r-patched-linux-x86_64 | 0.9.1 | OK | ||||
r-release-linux-x86_64 | 0.9.1 | 10.69 | 370.95 | 381.64 | OK | |
r-release-macos-arm64 | 0.9.1 | 136.00 | OK | |||
r-release-macos-x86_64 | 0.9.1 | 228.00 | OK | |||
r-release-windows-x86_64 | 0.9.1 | 38.00 | 567.00 | 605.00 | OK | |
r-oldrel-macos-arm64 | 0.9.1 | 146.00 | OK | |||
r-oldrel-macos-x86_64 | 0.9.1 | 306.00 | OK | |||
r-oldrel-windows-x86_64 | 0.9.1 | 41.00 | 483.00 | 524.00 | OK |
Version: 0.9.1
Check: installed package size
Result: NOTE
installed size is 5.0Mb
sub-directories of 1Mb or more:
doc 3.7Mb
Flavor: r-devel-linux-x86_64-fedora-clang
These binaries (installable software) and packages are in development.
They may not be fully stable and should be used with caution. We make no claims about them.