Last updated on 2025-10-23 23:49:45 CEST.
| Flavor | Version | Tinstall | Tcheck | Ttotal | Status | Flags |
|---|---|---|---|---|---|---|
| r-devel-linux-x86_64-debian-clang | 1.0.2 | 40.16 | 27.50 | 67.66 | NOTE | |
| r-devel-linux-x86_64-debian-gcc | 1.0.2 | 24.03 | 21.28 | 45.31 | OK | |
| r-devel-linux-x86_64-fedora-clang | 1.0.2 | 125.00 | 7.13 | 132.13 | OK | |
| r-devel-linux-x86_64-fedora-gcc | 1.0.2 | 81.00 | 28.23 | 109.23 | OK | |
| r-devel-windows-x86_64 | 1.0.2 | 49.00 | 64.00 | 113.00 | OK | |
| r-patched-linux-x86_64 | 1.0.2 | 38.90 | 26.55 | 65.45 | OK | |
| r-release-linux-x86_64 | 1.0.2 | 37.22 | 26.66 | 63.88 | OK | |
| r-release-macos-arm64 | 1.0.2 | 15.00 | 19.00 | 34.00 | OK | |
| r-release-macos-x86_64 | 1.0.2 | 18.00 | 29.00 | 47.00 | OK | |
| r-release-windows-x86_64 | 1.0.2 | 48.00 | 63.00 | 111.00 | OK | |
| r-oldrel-macos-arm64 | 1.0.2 | 15.00 | 18.00 | 33.00 | OK | |
| r-oldrel-macos-x86_64 | 1.0.2 | 14.00 | 23.00 | 37.00 | OK | |
| r-oldrel-windows-x86_64 | 1.0.2 | 55.00 | 80.00 | 135.00 | OK |
Version: 1.0.2
Check: HTML version of manual
Result: NOTE
Found the following HTML validation problems:
print.slfm.html:51:1 (print.slfm.Rd:12): Warning: missing </ul> before </div>
Flavor: r-devel-linux-x86_64-debian-clang
These binaries (installable software) and packages are in development.
They may not be fully stable and should be used with caution. We make no claims about them.