Last updated on 2025-02-16 08:51:01 CET.
Flavor | Version | Tinstall | Tcheck | Ttotal | Status | Flags |
---|---|---|---|---|---|---|
r-devel-linux-x86_64-debian-clang | 2.0.0 | 3.53 | 32.83 | 36.36 | OK | |
r-devel-linux-x86_64-debian-gcc | 2.0.0 | 2.39 | 24.81 | 27.20 | OK | |
r-devel-linux-x86_64-fedora-clang | 2.0.0 | 61.70 | OK | |||
r-devel-linux-x86_64-fedora-gcc | 2.0.0 | 56.31 | OK | |||
r-devel-macos-arm64 | 2.0.0 | 28.00 | OK | |||
r-devel-macos-x86_64 | 2.0.0 | 51.00 | OK | |||
r-devel-windows-x86_64 | 2.0.0 | 4.00 | 57.00 | 61.00 | OK | |
r-patched-linux-x86_64 | 2.0.0 | 3.54 | 31.91 | 35.45 | NOTE | |
r-release-linux-x86_64 | 2.0.0 | 3.46 | 31.92 | 35.38 | NOTE | |
r-release-macos-arm64 | 2.0.0 | 26.00 | NOTE | |||
r-release-macos-x86_64 | 2.0.0 | 33.00 | NOTE | |||
r-release-windows-x86_64 | 2.0.0 | 4.00 | 61.00 | 65.00 | OK | |
r-oldrel-macos-arm64 | 2.0.0 | 30.00 | OK | |||
r-oldrel-macos-x86_64 | 2.0.0 | 33.00 | OK | |||
r-oldrel-windows-x86_64 | 2.0.0 | 6.00 | 75.00 | 81.00 | OK |
Version: 2.0.0
Check: package dependencies
Result: NOTE
Package suggested but not available for checking: ‘captioner’
Flavors: r-patched-linux-x86_64, r-release-linux-x86_64, r-release-macos-arm64, r-release-macos-x86_64
These binaries (installable software) and packages are in development.
They may not be fully stable and should be used with caution. We make no claims about them.