CRAN Package Check Results for Package slgf

Last updated on 2025-11-12 18:50:47 CET.

Flavor Version Tinstall Tcheck Ttotal Status Flags
r-devel-linux-x86_64-debian-clang 2.0.0 2.99 35.31 38.30 OK
r-devel-linux-x86_64-debian-gcc 2.0.0 2.59 27.11 29.70 OK
r-devel-linux-x86_64-fedora-clang 2.0.0 60.59 OK
r-devel-linux-x86_64-fedora-gcc 2.0.0 19.00 42.07 61.07 OK
r-devel-windows-x86_64 2.0.0 5.00 54.00 59.00 OK
r-patched-linux-x86_64 2.0.0 3.83 33.31 37.14 OK
r-release-linux-x86_64 2.0.0 3.47 34.17 37.64 OK
r-release-macos-arm64 2.0.0 2.00 27.00 29.00 OK
r-release-macos-x86_64 2.0.0 4.00 41.00 45.00 OK
r-release-windows-x86_64 2.0.0 5.00 53.00 58.00 OK
r-oldrel-macos-arm64 2.0.0 2.00 24.00 26.00 NOTE
r-oldrel-macos-x86_64 2.0.0 2.00 31.00 33.00 NOTE
r-oldrel-windows-x86_64 2.0.0 4.00 65.00 69.00 OK

Check Details

Version: 2.0.0
Check: package dependencies
Result: NOTE Package suggested but not available for checking: ‘captioner’ Flavors: r-oldrel-macos-arm64, r-oldrel-macos-x86_64

These binaries (installable software) and packages are in development.
They may not be fully stable and should be used with caution. We make no claims about them.