CRAN Package Check Results for Package slider

Last updated on 2025-05-01 12:49:41 CEST.

Flavor Version Tinstall Tcheck Ttotal Status Flags
r-devel-linux-x86_64-debian-clang 0.3.2 9.28 99.07 108.35 NOTE
r-devel-linux-x86_64-debian-gcc 0.3.2 6.72 69.11 75.83 NOTE
r-devel-linux-x86_64-fedora-clang 0.3.2 168.78 NOTE
r-devel-linux-x86_64-fedora-gcc 0.3.2 177.48 NOTE
r-devel-windows-x86_64 0.3.2 17.00 113.00 130.00 NOTE
r-patched-linux-x86_64 0.3.2 9.26 91.80 101.06 NOTE
r-release-linux-x86_64 NOTE
r-release-macos-arm64 0.3.2 105.00 NOTE
r-release-macos-x86_64 0.3.2 194.00 NOTE
r-release-windows-x86_64 0.3.2 17.00 113.00 130.00 NOTE
r-oldrel-macos-arm64 0.3.2 58.00 OK
r-oldrel-macos-x86_64 0.3.2 132.00 OK
r-oldrel-windows-x86_64 0.3.2 18.00 140.00 158.00 OK

Check Details

Version: 0.3.2
Check: compiled code
Result: NOTE File ‘slider/libs/slider.so’: Found non-API call to R: ‘OBJECT’ Compiled code should not call non-API entry points in R. See ‘Writing portable packages’ in the ‘Writing R Extensions’ manual, and section ‘Moving into C API compliance’ for issues with the use of non-API entry points. Flavors: r-devel-linux-x86_64-debian-clang, r-devel-linux-x86_64-debian-gcc, r-devel-linux-x86_64-fedora-clang, r-devel-linux-x86_64-fedora-gcc, r-patched-linux-x86_64, r-release-linux-x86_64, r-release-macos-arm64, r-release-macos-x86_64

Version: 0.3.2
Check: compiled code
Result: NOTE File 'slider/libs/x64/slider.dll': Found non-API call to R: 'OBJECT' Compiled code should not call non-API entry points in R. See 'Writing portable packages' in the 'Writing R Extensions' manual, and section 'Moving into C API compliance' for issues with the use of non-API entry points. Flavors: r-devel-windows-x86_64, r-release-windows-x86_64

These binaries (installable software) and packages are in development.
They may not be fully stable and should be used with caution. We make no claims about them.