Last updated on 2025-02-23 07:52:10 CET.
Flavor | Version | Tinstall | Tcheck | Ttotal | Status | Flags |
---|---|---|---|---|---|---|
r-devel-linux-x86_64-debian-clang | 0.2.0 | 27.11 | 219.32 | 246.43 | NOTE | |
r-devel-linux-x86_64-debian-gcc | 0.2.0 | 16.95 | 139.84 | 156.79 | NOTE | |
r-devel-linux-x86_64-fedora-clang | 0.2.0 | 393.07 | OK | |||
r-devel-linux-x86_64-fedora-gcc | 0.2.0 | 394.29 | OK | |||
r-devel-macos-arm64 | 0.2.0 | 81.00 | OK | |||
r-devel-macos-x86_64 | 0.2.0 | 205.00 | OK | |||
r-devel-windows-x86_64 | 0.2.0 | 24.00 | 168.00 | 192.00 | NOTE | |
r-patched-linux-x86_64 | 0.2.0 | 24.01 | 204.04 | 228.05 | OK | |
r-release-linux-x86_64 | 0.2.0 | 25.65 | 205.26 | 230.91 | OK | |
r-release-macos-arm64 | 0.2.0 | 79.00 | OK | |||
r-release-macos-x86_64 | 0.2.0 | 135.00 | OK | |||
r-release-windows-x86_64 | 0.2.0 | 25.00 | 167.00 | 192.00 | OK | |
r-oldrel-macos-arm64 | 0.2.0 | 87.00 | OK | |||
r-oldrel-macos-x86_64 | 0.2.0 | 156.00 | OK | |||
r-oldrel-windows-x86_64 | 0.2.0 | 35.00 | 226.00 | 261.00 | OK |
Version: 0.2.0
Check: Rd cross-references
Result: NOTE
Found the following Rd file(s) with Rd \link{} targets missing package
anchors:
slideView.Rd: levelplot
Please provide package anchors for all Rd \link{} targets not in the
package itself and the base packages.
Flavors: r-devel-linux-x86_64-debian-clang, r-devel-linux-x86_64-debian-gcc, r-devel-windows-x86_64
These binaries (installable software) and packages are in development.
They may not be fully stable and should be used with caution. We make no claims about them.