Last updated on 2025-05-08 04:52:19 CEST.
Flavor | Version | Tinstall | Tcheck | Ttotal | Status | Flags |
---|---|---|---|---|---|---|
r-devel-linux-x86_64-debian-clang | 0.2.0 | 24.85 | 228.09 | 252.94 | NOTE | |
r-devel-linux-x86_64-debian-gcc | 0.2.0 | 17.49 | 150.40 | 167.89 | NOTE | |
r-devel-linux-x86_64-fedora-clang | 0.2.0 | 407.87 | OK | |||
r-devel-linux-x86_64-fedora-gcc | 0.2.0 | 406.07 | OK | |||
r-devel-windows-x86_64 | 0.2.0 | 24.00 | 168.00 | 192.00 | NOTE | |
r-patched-linux-x86_64 | 0.2.0 | 24.13 | 216.31 | 240.44 | NOTE | |
r-release-linux-x86_64 | 0.2.0 | 26.01 | 216.65 | 242.66 | NOTE | |
r-release-macos-arm64 | 0.2.0 | 81.00 | OK | |||
r-release-macos-x86_64 | 0.2.0 | 184.00 | OK | |||
r-release-windows-x86_64 | 0.2.0 | 24.00 | 177.00 | 201.00 | NOTE | |
r-oldrel-macos-arm64 | 0.2.0 | 79.00 | OK | |||
r-oldrel-macos-x86_64 | 0.2.0 | 135.00 | OK | |||
r-oldrel-windows-x86_64 | 0.2.0 | 35.00 | 235.00 | 270.00 | OK |
Version: 0.2.0
Check: Rd cross-references
Result: NOTE
Found the following Rd file(s) with Rd \link{} targets missing package
anchors:
slideView.Rd: levelplot
Please provide package anchors for all Rd \link{} targets not in the
package itself and the base packages.
Flavors: r-devel-linux-x86_64-debian-clang, r-devel-linux-x86_64-debian-gcc, r-devel-windows-x86_64, r-patched-linux-x86_64, r-release-linux-x86_64, r-release-windows-x86_64
These binaries (installable software) and packages are in development.
They may not be fully stable and should be used with caution. We make no claims about them.