Last updated on 2025-10-23 17:51:03 CEST.
| Flavor | Version | Tinstall | Tcheck | Ttotal | Status | Flags |
|---|---|---|---|---|---|---|
| r-devel-linux-x86_64-debian-clang | 0.1.1 | 2.41 | 55.76 | 58.17 | NOTE | |
| r-devel-linux-x86_64-debian-gcc | 0.1.1 | 1.91 | 41.93 | 43.84 | NOTE | |
| r-devel-linux-x86_64-fedora-clang | 0.1.1 | 20.00 | 68.91 | 88.91 | NOTE | |
| r-devel-linux-x86_64-fedora-gcc | 0.1.1 | 99.07 | NOTE | |||
| r-devel-windows-x86_64 | 0.1.1 | 3.00 | 92.00 | 95.00 | NOTE | |
| r-patched-linux-x86_64 | 0.1.1 | 2.56 | 52.60 | 55.16 | NOTE | |
| r-release-linux-x86_64 | 0.1.1 | 2.05 | 52.58 | 54.63 | NOTE | |
| r-release-macos-arm64 | 0.1.1 | 2.00 | 36.00 | 38.00 | NOTE | |
| r-release-macos-x86_64 | 0.1.1 | 2.00 | 79.00 | 81.00 | NOTE | |
| r-release-windows-x86_64 | 0.1.1 | 5.00 | 93.00 | 98.00 | NOTE | |
| r-oldrel-macos-arm64 | 0.1.1 | 1.00 | 32.00 | 33.00 | NOTE | |
| r-oldrel-macos-x86_64 | 0.1.1 | 2.00 | 50.00 | 52.00 | NOTE | |
| r-oldrel-windows-x86_64 | 0.1.1 | 5.00 | 101.00 | 106.00 | NOTE |
Version: 0.1.1
Check: Rd files
Result: NOTE
checkRd: (-1) fit_slim.Rd:24: Lost braces; missing escapes or markup?
24 | sum(x' V^{-1} (y - x beta)) = 0 as the covariance V tends from V[, , 1] +
| ^
Flavors: r-devel-linux-x86_64-debian-clang, r-devel-linux-x86_64-debian-gcc, r-devel-linux-x86_64-fedora-clang, r-devel-linux-x86_64-fedora-gcc, r-devel-windows-x86_64, r-patched-linux-x86_64, r-release-linux-x86_64, r-release-macos-arm64, r-release-macos-x86_64, r-release-windows-x86_64, r-oldrel-macos-arm64, r-oldrel-macos-x86_64, r-oldrel-windows-x86_64
Version: 0.1.1
Check: HTML version of manual
Result: NOTE
Found the following HTML validation problems:
slim.methods.html:51:1 (slim.methods.Rd:14): Warning: missing </ul> before </div>
Flavor: r-devel-linux-x86_64-debian-clang
These binaries (installable software) and packages are in development.
They may not be fully stable and should be used with caution. We make no claims about them.